CRAN Package Check Results for Package rags2ridges

Last updated on 2020-04-07 09:49:38 CEST.

Flavor Version Tinstall Tcheck Ttotal Status Flags
r-devel-linux-x86_64-debian-clang 2.2.2 66.57 216.17 282.74 OK
r-devel-linux-x86_64-debian-gcc 2.2.2 46.00 160.57 206.57 OK
r-devel-linux-x86_64-fedora-clang 2.2.2 348.06 NOTE
r-devel-linux-x86_64-fedora-gcc 2.2.2 308.79 OK
r-devel-windows-ix86+x86_64 2.2.2 163.00 450.00 613.00 WARN
r-devel-windows-ix86+x86_64-gcc8 2.2.2 106.00 318.00 424.00 WARN
r-patched-linux-x86_64 2.2.2 49.99 206.36 256.35 OK
r-patched-solaris-x86 2.2.2 433.50 OK
r-release-linux-x86_64 2.2.2 44.42 186.87 231.29 OK
r-release-windows-ix86+x86_64 2.2.2 112.00 446.00 558.00 OK
r-release-osx-x86_64 2.2.2 NOTE
r-oldrel-windows-ix86+x86_64 2.2.2 91.00 280.00 371.00 OK
r-oldrel-osx-x86_64 2.2.2 NOTE

Check Details

Version: 2.2.2
Check: installed package size
Result: NOTE
     installed size is 5.8Mb
     sub-directories of 1Mb or more:
     libs 4.6Mb
Flavors: r-devel-linux-x86_64-fedora-clang, r-release-osx-x86_64, r-oldrel-osx-x86_64

Version: 2.2.2
Check: whether package can be installed
Result: WARN
    Found the following significant warnings:
     Warning: multiple methods tables found for 'plot'
Flavors: r-devel-windows-ix86+x86_64, r-devel-windows-ix86+x86_64-gcc8