CRAN Package Check Results for Package rags2ridges

Last updated on 2022-11-29 17:52:14 CET.

Flavor Version Tinstall Tcheck Ttotal Status Flags
r-devel-linux-x86_64-debian-clang 2.2.6 64.00 305.14 369.14 OK
r-devel-linux-x86_64-debian-gcc 2.2.6 52.68 221.98 274.66 OK
r-devel-linux-x86_64-fedora-clang 2.2.6 498.32 OK
r-devel-linux-x86_64-fedora-gcc 2.2.6 507.57 OK
r-devel-windows-x86_64 2.2.6 84.00 363.00 447.00 OK
r-patched-linux-x86_64 2.2.6 68.88 273.92 342.80 OK
r-release-linux-x86_64 2.2.6 45.16 282.59 327.75 OK
r-release-macos-arm64 2.2.6 115.00 NOTE
r-release-macos-x86_64 2.2.6 157.00 NOTE
r-release-windows-x86_64 2.2.6 126.00 352.00 478.00 OK
r-oldrel-macos-arm64 2.2.6 93.00 NOTE
r-oldrel-macos-x86_64 2.2.6 147.00 NOTE
r-oldrel-windows-ix86+x86_64 2.2.6 147.00 497.00 644.00 OK

Check Details

Version: 2.2.6
Check: installed package size
Result: NOTE
     installed size is 5.9Mb
     sub-directories of 1Mb or more:
     libs 4.7Mb
Flavors: r-release-macos-arm64, r-release-macos-x86_64, r-oldrel-macos-arm64, r-oldrel-macos-x86_64