CRAN Package Check Results for Package rags2ridges

Last updated on 2023-06-04 02:54:31 CEST.

Flavor Version Tinstall Tcheck Ttotal Status Flags
r-devel-linux-x86_64-debian-clang 2.2.6 64.18 293.61 357.79 OK
r-devel-linux-x86_64-debian-gcc 2.2.6 50.50 218.98 269.48 OK
r-devel-linux-x86_64-fedora-clang 2.2.6 450.17 OK
r-devel-linux-x86_64-fedora-gcc 2.2.6 449.96 OK
r-devel-windows-x86_64 2.2.6 52.00 252.00 304.00 OK
r-patched-linux-x86_64 2.2.6 65.38 271.93 337.31 OK
r-release-linux-x86_64 2.2.6 51.18 277.30 328.48 OK
r-release-macos-arm64 2.2.6 129.00 NOTE
r-release-macos-x86_64 2.2.6 185.00 NOTE
r-release-windows-x86_64 2.2.6 74.00 322.00 396.00 OK
r-oldrel-macos-arm64 2.2.6 115.00 NOTE
r-oldrel-macos-x86_64 2.2.6 157.00 NOTE
r-oldrel-windows-x86_64 2.2.6 70.00 304.00 374.00 OK

Check Details

Version: 2.2.6
Check: installed package size
Result: NOTE
     installed size is 6.2Mb
     sub-directories of 1Mb or more:
     libs 4.9Mb
Flavors: r-release-macos-arm64, r-release-macos-x86_64, r-oldrel-macos-arm64, r-oldrel-macos-x86_64

Version: 2.2.6
Check: package dependencies
Result: NOTE
    Package suggested but not available for checking: ‘KEGGgraph’
Flavor: r-release-macos-x86_64