CRAN Package Check Results for Package rags2ridges

Last updated on 2020-07-12 05:47:42 CEST.

Flavor Version Tinstall Tcheck Ttotal Status Flags
r-devel-linux-x86_64-debian-clang 2.2.2 61.91 214.21 276.12 OK
r-devel-linux-x86_64-debian-gcc 2.2.2 52.83 158.62 211.45 OK
r-devel-linux-x86_64-fedora-clang 2.2.2 345.94 NOTE
r-devel-linux-x86_64-fedora-gcc 2.2.2 341.44 OK
r-devel-windows-ix86+x86_64 2.2.2 129.00 467.00 596.00 OK
r-patched-linux-x86_64 2.2.2 41.58 207.56 249.14 OK
r-patched-solaris-x86 2.2.2 407.60 OK
r-release-linux-x86_64 2.2.2 39.77 211.67 251.44 OK
r-release-macos-x86_64 2.2.2 NOTE
r-release-windows-ix86+x86_64 2.2.2 167.00 335.00 502.00 OK
r-oldrel-macos-x86_64 2.2.2 NOTE
r-oldrel-windows-ix86+x86_64 2.2.2 120.00 325.00 445.00 OK

Check Details

Version: 2.2.2
Check: installed package size
Result: NOTE
     installed size is 5.8Mb
     sub-directories of 1Mb or more:
     libs 4.7Mb
Flavors: r-devel-linux-x86_64-fedora-clang, r-release-macos-x86_64, r-oldrel-macos-x86_64

Version: 2.2.2
Check: package dependencies
Result: NOTE
    Package suggested but not available for checking: ‘KEGGgraph’
Flavor: r-release-macos-x86_64