Last updated on 2022-07-07 12:55:32 CEST.
Flavor | Version | Tinstall | Tcheck | Ttotal | Status | Flags |
---|---|---|---|---|---|---|
r-devel-linux-x86_64-debian-clang | 2.2.6 | 66.71 | 294.73 | 361.44 | OK | |
r-devel-linux-x86_64-debian-gcc | 2.2.6 | 56.37 | 214.46 | 270.83 | OK | |
r-devel-linux-x86_64-fedora-clang | 2.2.6 | 467.98 | OK | |||
r-devel-linux-x86_64-fedora-gcc | 2.2.6 | 463.19 | OK | |||
r-devel-windows-x86_64 | 2.2.6 | 124.00 | 358.00 | 482.00 | OK | |
r-patched-linux-x86_64 | 2.2.6 | 56.33 | 274.51 | 330.84 | OK | |
r-release-linux-x86_64 | 2.2.6 | 47.13 | 276.49 | 323.62 | OK | |
r-release-macos-arm64 | 2.2.6 | 115.00 | NOTE | |||
r-release-macos-x86_64 | 2.2.6 | 157.00 | NOTE | |||
r-release-windows-x86_64 | 2.2.6 | 133.00 | 361.00 | 494.00 | OK | |
r-oldrel-macos-arm64 | 2.2.6 | 93.00 | NOTE | |||
r-oldrel-macos-x86_64 | 2.2.6 | 147.00 | NOTE | |||
r-oldrel-windows-ix86+x86_64 | 2.2.6 | 147.00 | 507.00 | 654.00 | OK |
Version: 2.2.6
Check: installed package size
Result: NOTE
installed size is 5.9Mb
sub-directories of 1Mb or more:
libs 4.7Mb
Flavors: r-release-macos-arm64, r-release-macos-x86_64, r-oldrel-macos-arm64, r-oldrel-macos-x86_64