CRAN Package Check Results for Package rags2ridges

Last updated on 2021-01-17 13:48:57 CET.

Flavor Version Tinstall Tcheck Ttotal Status Flags
r-devel-linux-x86_64-debian-clang 2.2.4 68.29 252.62 320.91 OK
r-devel-linux-x86_64-debian-gcc 2.2.4 50.49 187.18 237.67 OK
r-devel-linux-x86_64-fedora-clang 2.2.4 393.78 NOTE
r-devel-linux-x86_64-fedora-gcc 2.2.4 388.50 OK
r-devel-windows-ix86+x86_64 2.2.4 109.00 416.00 525.00 OK
r-patched-linux-x86_64 2.2.4 40.64 238.75 279.39 OK
r-patched-solaris-x86 2.2.4 463.40 OK
r-release-linux-x86_64 2.2.4 51.56 239.47 291.03 OK
r-release-macos-x86_64 2.2.4 NOTE
r-release-windows-ix86+x86_64 2.2.4 110.00 403.00 513.00 OK
r-oldrel-macos-x86_64 2.2.4 NOTE
r-oldrel-windows-ix86+x86_64 2.2.4 124.00 479.00 603.00 OK

Check Details

Version: 2.2.4
Check: installed package size
Result: NOTE
     installed size is 5.6Mb
     sub-directories of 1Mb or more:
     libs 4.4Mb
Flavors: r-devel-linux-x86_64-fedora-clang, r-release-macos-x86_64, r-oldrel-macos-x86_64

Version: 2.2.4
Check: package dependencies
Result: NOTE
    Package suggested but not available for checking: ‘KEGGgraph’
Flavor: r-release-macos-x86_64