CRAN Package Check Results for Package rags2ridges

Last updated on 2020-09-24 14:54:16 CEST.

Flavor Version Tinstall Tcheck Ttotal Status Flags
r-devel-linux-x86_64-debian-clang 2.2.3 67.09 224.18 291.27 OK
r-devel-linux-x86_64-debian-gcc 2.2.3 52.49 168.38 220.87 OK
r-devel-linux-x86_64-fedora-clang 2.2.3 362.08 NOTE
r-devel-linux-x86_64-fedora-gcc 2.2.3 347.75 OK
r-devel-windows-ix86+x86_64 2.2.3 139.00 417.00 556.00 OK
r-patched-linux-x86_64 2.2.3 45.77 214.15 259.92 OK
r-patched-solaris-x86 2.2.3 405.10 OK
r-release-linux-x86_64 2.2.3 42.19 209.98 252.17 OK
r-release-macos-x86_64 2.2.3 NOTE
r-release-windows-ix86+x86_64 2.2.3 144.00 416.00 560.00 OK
r-oldrel-macos-x86_64 2.2.3 NOTE
r-oldrel-windows-ix86+x86_64 2.2.3 87.00 395.00 482.00 OK

Check Details

Version: 2.2.3
Check: installed package size
Result: NOTE
     installed size is 5.8Mb
     sub-directories of 1Mb or more:
     libs 4.7Mb
Flavors: r-devel-linux-x86_64-fedora-clang, r-release-macos-x86_64, r-oldrel-macos-x86_64

Version: 2.2.3
Check: package dependencies
Result: NOTE
    Package suggested but not available for checking: ‘KEGGgraph’
Flavor: r-release-macos-x86_64