Last updated on 2022-07-07 09:51:00 CEST.
Flavor | Version | Tinstall | Tcheck | Ttotal | Status | Flags |
---|---|---|---|---|---|---|
r-devel-linux-x86_64-debian-clang | 0.3.4 | 83.73 | 227.27 | 311.00 | OK | |
r-devel-linux-x86_64-debian-gcc | 0.3.4 | 71.66 | 163.29 | 234.95 | OK | |
r-devel-linux-x86_64-fedora-clang | 0.3.4 | 427.69 | NOTE | |||
r-devel-linux-x86_64-fedora-gcc | 0.3.4 | 412.44 | NOTE | |||
r-devel-windows-x86_64 | 0.3.4 | 93.00 | 267.00 | 360.00 | OK | |
r-patched-linux-x86_64 | 0.3.4 | 79.09 | 209.31 | 288.40 | OK | |
r-release-linux-x86_64 | 0.3.4 | 62.21 | 206.19 | 268.40 | OK | |
r-release-macos-arm64 | 0.3.4 | 97.00 | NOTE | |||
r-release-macos-x86_64 | 0.3.4 | 159.00 | NOTE | |||
r-release-windows-x86_64 | 0.3.4 | 101.00 | 281.00 | 382.00 | OK | |
r-oldrel-macos-arm64 | 0.3.4 | 133.00 | NOTE | |||
r-oldrel-macos-x86_64 | 0.3.4 | 181.00 | NOTE | |||
r-oldrel-windows-ix86+x86_64 | 0.3.4 | 189.00 | 348.00 | 537.00 | OK |
Version: 0.3.4
Check: installed package size
Result: NOTE
installed size is 7.2Mb
sub-directories of 1Mb or more:
libs 6.5Mb
Flavors: r-devel-linux-x86_64-fedora-clang, r-release-macos-arm64, r-release-macos-x86_64, r-oldrel-macos-arm64, r-oldrel-macos-x86_64
Version: 0.3.4
Check: dependencies in R code
Result: NOTE
Namespaces in Imports field not imported from:
‘Biobase’ ‘CGHbase’
All declared Imports should be used.
Flavors: r-devel-linux-x86_64-fedora-clang, r-devel-linux-x86_64-fedora-gcc, r-release-macos-arm64, r-release-macos-x86_64, r-oldrel-macos-arm64, r-oldrel-macos-x86_64
Version: 0.3.4
Check: Rd cross-references
Result: NOTE
Undeclared packages ‘longitudinal’, ‘gRbase’ in Rd xrefs
Flavor: r-devel-linux-x86_64-fedora-clang