CRAN Package Check Results for Package ragt2ridges

Last updated on 2019-07-19 12:55:30 CEST.

Flavor Version Tinstall Tcheck Ttotal Status Flags
r-devel-linux-x86_64-debian-clang 0.3.2 75.49 154.19 229.68 OK
r-devel-linux-x86_64-debian-gcc 0.3.2 56.56 119.79 176.35 OK
r-devel-linux-x86_64-fedora-clang 0.3.2 288.36 NOTE
r-devel-linux-x86_64-fedora-gcc 0.3.2 281.93 OK
r-devel-windows-ix86+x86_64 0.3.2 169.00 344.00 513.00 OK
r-patched-linux-x86_64 0.3.2 61.03 150.93 211.96 OK
r-patched-solaris-x86 0.3.2 359.70 OK
r-release-linux-x86_64 0.3.2 62.39 152.15 214.54 OK
r-release-windows-ix86+x86_64 0.3.2 121.00 242.00 363.00 OK
r-release-osx-x86_64 0.3.2 ERROR
r-oldrel-windows-ix86+x86_64 0.3.2 117.00 348.00 465.00 OK
r-oldrel-osx-x86_64 0.3.2 NOTE

Check Details

Version: 0.3.2
Check: installed package size
Result: NOTE
     installed size is 8.4Mb
     sub-directories of 1Mb or more:
     libs 7.7Mb
Flavors: r-devel-linux-x86_64-fedora-clang, r-oldrel-osx-x86_64

Version: 0.3.2
Check: package dependencies
Result: ERROR
    Package required but not available: ‘rags2ridges’
    
    Packages suggested but not available for checking: 'Biobase', 'CGHbase'
    
    See section ‘The DESCRIPTION file’ in the ‘Writing R Extensions’
    manual.
Flavor: r-release-osx-x86_64

Version: 0.3.2
Check: package dependencies
Result: NOTE
    Package suggested but not available for checking: ‘CGHbase’
Flavor: r-oldrel-osx-x86_64

Version: 0.3.2
Check: Rd cross-references
Result: NOTE
    Package unavailable to check Rd xrefs: ‘CGHbase’
Flavor: r-oldrel-osx-x86_64

Version: 0.3.2
Check: data for non-ASCII characters
Result: NOTE
     Error in .requirePackage(package) :
     unable to find required package 'CGHbase'
     Calls: <Anonymous> ... .extendsForS3 -> extends -> getClassDef -> .requirePackage
     Execution halted
Flavor: r-oldrel-osx-x86_64