Last updated on 2023-02-08 07:54:40 CET.
Flavor | Version | Tinstall | Tcheck | Ttotal | Status | Flags |
---|---|---|---|---|---|---|
r-devel-linux-x86_64-debian-clang | 1.1.1 | 6.66 | 599.64 | 606.30 | OK | |
r-devel-linux-x86_64-debian-gcc | 1.1.1 | 5.51 | 442.03 | 447.54 | OK | |
r-devel-linux-x86_64-fedora-clang | 1.1.1 | 717.27 | OK | |||
r-devel-linux-x86_64-fedora-gcc | 1.1.1 | 728.38 | OK | |||
r-devel-windows-x86_64 | 1.1.1 | 44.00 | 558.00 | 602.00 | OK | |
r-patched-linux-x86_64 | 1.1.1 | 8.60 | 568.56 | 577.16 | OK | |
r-release-linux-x86_64 | 1.1.1 | 6.06 | 566.58 | 572.64 | OK | |
r-release-macos-arm64 | 1.1.1 | 175.00 | ERROR | |||
r-release-macos-x86_64 | 1.1.1 | 231.00 | OK | |||
r-release-windows-x86_64 | 1.1.1 | 52.00 | 623.00 | 675.00 | OK | |
r-oldrel-macos-arm64 | 1.1.1 | 172.00 | WARN | |||
r-oldrel-macos-x86_64 | 1.1.1 | 304.00 | OK | |||
r-oldrel-windows-ix86+x86_64 | 1.1.1 | 16.00 | 634.00 | 650.00 | OK |
Version: 1.1.1
Check: re-building of vignette outputs
Result: ERROR
Error(s) in re-building vignettes:
...
--- re-building ‘ragtop_convertibles_in_r.Rmd’ using rmarkdown
Warning: Using `size` aesthetic for lines was deprecated in ggplot2 3.4.0.
i Please use `linewidth` instead.
Warning: Removed 39 rows containing missing values (`geom_line()`).
Quitting from lines 425-461 (ragtop_convertibles_in_r.Rmd)
Error: processing vignette 'ragtop_convertibles_in_r.Rmd' failed with diagnostics:
argument is of length zero
--- failed re-building ‘ragtop_convertibles_in_r.Rmd’
SUMMARY: processing the following file failed:
‘ragtop_convertibles_in_r.Rmd’
Error: Vignette re-building failed.
Execution halted
Flavor: r-release-macos-arm64
Version: 1.1.1
Check: re-building of vignette outputs
Result: WARN
Error(s) in re-building vignettes:
...
--- re-building ‘ragtop_convertibles_in_r.Rmd’ using rmarkdown
Warning: Using `size` aesthetic for lines was deprecated in ggplot2 3.4.0.
i Please use `linewidth` instead.
Warning: Removed 39 rows containing missing values (`geom_line()`).
Quitting from lines 425-461 (ragtop_convertibles_in_r.Rmd)
Error: processing vignette 'ragtop_convertibles_in_r.Rmd' failed with diagnostics:
argument is of length zero
--- failed re-building ‘ragtop_convertibles_in_r.Rmd’
SUMMARY: processing the following file failed:
‘ragtop_convertibles_in_r.Rmd’
Error: Vignette re-building failed.
Execution halted
Flavor: r-oldrel-macos-arm64