CRAN Package Check Results for Package raincin

Last updated on 2021-11-29 21:51:49 CET.

Flavor Version Tinstall Tcheck Ttotal Status Flags
r-devel-linux-x86_64-debian-clang 1.0.3 9.91 77.48 87.39 NOTE
r-devel-linux-x86_64-debian-gcc 1.0.3 8.04 60.36 68.40 NOTE
r-devel-linux-x86_64-fedora-clang 1.0.3 118.98 NOTE
r-devel-linux-x86_64-fedora-gcc 1.0.3 104.74 NOTE
r-devel-windows-x86_64-new-UL 1.0.3 18.00 111.00 129.00 NOTE
r-devel-windows-x86_64-new-TK 1.0.3 NOTE
r-devel-windows-x86_64-old 1.0.3 15.00 78.00 93.00 NOTE
r-patched-linux-x86_64 1.0.3 10.41 75.67 86.08 NOTE
r-patched-solaris-x86 1.0.3 134.80 NOTE
r-release-linux-x86_64 1.0.3 9.11 75.11 84.22 NOTE
r-release-macos-arm64 1.0.3 NOTE
r-release-macos-x86_64 1.0.3 NOTE
r-release-windows-ix86+x86_64 1.0.3 24.00 74.00 98.00 NOTE
r-oldrel-macos-x86_64 1.0.3 OK
r-oldrel-windows-ix86+x86_64 1.0.3 16.00 73.00 89.00 OK

Check Details

Version: 1.0.3
Check: LazyData
Result: NOTE
     'LazyData' is specified without a 'data' directory
Flavors: r-devel-linux-x86_64-debian-clang, r-devel-linux-x86_64-debian-gcc, r-devel-linux-x86_64-fedora-clang, r-devel-linux-x86_64-fedora-gcc, r-devel-windows-x86_64-new-UL, r-devel-windows-x86_64-new-TK, r-devel-windows-x86_64-old, r-patched-linux-x86_64, r-patched-solaris-x86, r-release-linux-x86_64, r-release-macos-arm64, r-release-macos-x86_64, r-release-windows-ix86+x86_64