CRAN Package Check Results for Package raincin

Last updated on 2024-06-12 19:54:33 CEST.

Flavor Version Tinstall Tcheck Ttotal Status Flags
r-devel-linux-x86_64-debian-clang 1.0.3 12.19 90.26 102.45 NOTE
r-devel-linux-x86_64-debian-gcc 1.0.3 0.32 1.64 1.96 ERROR
r-devel-linux-x86_64-fedora-clang 1.0.3 122.02 NOTE
r-devel-linux-x86_64-fedora-gcc 1.0.3 116.39 NOTE
r-devel-windows-x86_64 1.0.3 9.00 77.00 86.00 NOTE
r-patched-linux-x86_64 1.0.3 7.01 84.98 91.99 NOTE
r-release-linux-x86_64 1.0.3 8.04 85.75 93.79 NOTE
r-release-macos-arm64 1.0.3 38.00 NOTE
r-release-macos-x86_64 1.0.3 89.00 NOTE
r-release-windows-x86_64 1.0.3 10.00 79.00 89.00 NOTE
r-oldrel-macos-arm64 1.0.3 39.00 NOTE
r-oldrel-macos-x86_64 1.0.3 63.00 NOTE
r-oldrel-windows-x86_64 1.0.3 12.00 97.00 109.00 NOTE

Check Details

Version: 1.0.3
Check: LazyData
Result: NOTE 'LazyData' is specified without a 'data' directory Flavors: r-devel-linux-x86_64-debian-clang, r-devel-linux-x86_64-fedora-clang, r-devel-linux-x86_64-fedora-gcc, r-devel-windows-x86_64, r-patched-linux-x86_64, r-release-linux-x86_64, r-release-macos-arm64, r-release-macos-x86_64, r-release-windows-x86_64, r-oldrel-macos-arm64, r-oldrel-macos-x86_64, r-oldrel-windows-x86_64

Version: 1.0.3
Check: package dependencies
Result: ERROR Package required but not available: ‘lme4’ See section ‘The DESCRIPTION file’ in the ‘Writing R Extensions’ manual. Flavor: r-devel-linux-x86_64-debian-gcc