CRAN Package Check Results for Package ramcmc

Last updated on 2020-04-08 23:51:35 CEST.

Flavor Version Tinstall Tcheck Ttotal Status Flags
r-devel-linux-x86_64-debian-clang 0.1.0-1 31.68 35.37 67.05 NOTE
r-devel-linux-x86_64-debian-gcc 0.1.0-1 20.17 27.29 47.46 NOTE
r-devel-linux-x86_64-fedora-clang 0.1.0-1 86.55 NOTE
r-devel-linux-x86_64-fedora-gcc 0.1.0-1 91.13 NOTE
r-devel-windows-ix86+x86_64 0.1.0-1 51.00 96.00 147.00 NOTE
r-devel-windows-ix86+x86_64-gcc8 0.1.0-1 59.00 69.00 128.00 NOTE
r-patched-linux-x86_64 0.1.0-1 24.64 35.14 59.78 NOTE
r-patched-solaris-x86 0.1.0-1 95.20 NOTE
r-release-linux-x86_64 0.1.0-1 24.46 32.57 57.03 NOTE
r-release-windows-ix86+x86_64 0.1.0-1 61.00 95.00 156.00 NOTE
r-release-osx-x86_64 0.1.0-1 NOTE
r-oldrel-windows-ix86+x86_64 0.1.0-1 64.00 69.00 133.00 OK
r-oldrel-osx-x86_64 0.1.0-1 OK

Check Details

Version: 0.1.0-1
Check: line endings in C/C++/Fortran sources/headers
Result: NOTE
    Found the following sources/headers not terminated with a newline:
     inst/include/ramcmc.h
    Some compilers warn on such files.
Flavors: r-devel-linux-x86_64-debian-clang, r-devel-linux-x86_64-debian-gcc, r-devel-linux-x86_64-fedora-clang, r-devel-linux-x86_64-fedora-gcc, r-devel-windows-ix86+x86_64, r-devel-windows-ix86+x86_64-gcc8, r-patched-linux-x86_64, r-patched-solaris-x86, r-release-linux-x86_64, r-release-windows-ix86+x86_64, r-release-osx-x86_64