CRAN Package Check Results for Package rameritrade

Last updated on 2024-04-25 06:54:28 CEST.

Flavor Version Tinstall Tcheck Ttotal Status Flags
r-devel-linux-x86_64-debian-clang 0.1.5 2.71 25.90 28.61 NOTE
r-devel-linux-x86_64-debian-gcc 0.1.5 1.99 20.22 22.21 NOTE
r-devel-linux-x86_64-fedora-clang 0.1.5 36.80 NOTE
r-devel-linux-x86_64-fedora-gcc 0.1.5 34.70 NOTE
r-devel-windows-x86_64 0.1.5 4.00 43.00 47.00 NOTE
r-patched-linux-x86_64 0.1.5 3.03 24.90 27.93 NOTE
r-release-linux-x86_64 0.1.5 2.06 24.78 26.84 NOTE
r-release-macos-arm64 0.1.5 16.00 NOTE
r-release-windows-x86_64 0.1.5 4.00 44.00 48.00 NOTE
r-oldrel-macos-arm64 0.1.5 17.00 NOTE
r-oldrel-macos-x86_64 0.1.5 21.00 NOTE
r-oldrel-windows-x86_64 0.1.5 5.00 45.00 50.00 NOTE

Check Details

Version: 0.1.5
Check: LazyData
Result: NOTE 'LazyData' is specified without a 'data' directory Flavors: r-devel-linux-x86_64-debian-clang, r-devel-linux-x86_64-debian-gcc, r-devel-linux-x86_64-fedora-clang, r-devel-linux-x86_64-fedora-gcc, r-devel-windows-x86_64, r-patched-linux-x86_64, r-release-linux-x86_64, r-release-macos-arm64, r-release-windows-x86_64, r-oldrel-macos-arm64, r-oldrel-macos-x86_64, r-oldrel-windows-x86_64