CRAN Package Check Results for Package randaes

Last updated on 2020-04-01 06:48:20 CEST.

Flavor Version Tinstall Tcheck Ttotal Status Flags
r-devel-linux-x86_64-debian-clang 0.3 2.48 16.44 18.92 NOTE
r-devel-linux-x86_64-debian-gcc 0.3 1.95 13.33 15.28 NOTE
r-devel-linux-x86_64-fedora-clang 0.3 24.81 NOTE
r-devel-linux-x86_64-fedora-gcc 0.3 24.07 NOTE
r-devel-windows-ix86+x86_64 0.3 10.00 49.00 59.00 NOTE
r-devel-windows-ix86+x86_64-gcc8 0.3 10.00 31.00 41.00 NOTE
r-patched-linux-x86_64 0.3 2.72 16.24 18.96 NOTE
r-patched-solaris-x86 0.3 40.40 NOTE
r-release-linux-x86_64 0.3 2.19 15.33 17.52 NOTE
r-release-windows-ix86+x86_64 0.3 9.00 44.00 53.00 NOTE
r-release-osx-x86_64 0.3 NOTE
r-oldrel-windows-ix86+x86_64 0.3 7.00 28.00 35.00 NOTE
r-oldrel-osx-x86_64 0.3 NOTE

Check Details

Version: 0.3
Check: DESCRIPTION meta-information
Result: NOTE
    Malformed Description field: should contain one or more complete sentences.
Flavors: r-devel-linux-x86_64-debian-clang, r-devel-linux-x86_64-debian-gcc, r-devel-linux-x86_64-fedora-clang, r-devel-linux-x86_64-fedora-gcc, r-devel-windows-ix86+x86_64, r-devel-windows-ix86+x86_64-gcc8, r-patched-linux-x86_64, r-patched-solaris-x86, r-release-linux-x86_64, r-release-windows-ix86+x86_64, r-release-osx-x86_64, r-oldrel-windows-ix86+x86_64, r-oldrel-osx-x86_64

Version: 0.3
Check: top-level files
Result: NOTE
    Non-standard file/directory found at top level:
     'COPYRIGHTS'
    Copyright information should be in file inst/COPYRIGHTS
Flavors: r-devel-linux-x86_64-debian-clang, r-devel-linux-x86_64-debian-gcc, r-devel-linux-x86_64-fedora-clang, r-devel-linux-x86_64-fedora-gcc, r-patched-linux-x86_64, r-release-linux-x86_64

Version: 0.3
Check: compiled code
Result: NOTE
    File ‘randaes/libs/randaes.so’:
     Found no calls to: ‘R_registerRoutines’, ‘R_useDynamicSymbols’
    
    It is good practice to register native routines and to disable symbol
    search.
    
    See ‘Writing portable packages’ in the ‘Writing R Extensions’ manual.
Flavors: r-devel-linux-x86_64-fedora-clang, r-devel-linux-x86_64-fedora-gcc