CRAN Package Check Results for Package rando

Last updated on 2021-05-15 09:52:10 CEST.

Flavor Version Tinstall Tcheck Ttotal Status Flags
r-devel-linux-x86_64-debian-clang 0.2.0 3.88 55.32 59.20 NOTE
r-devel-linux-x86_64-debian-gcc 0.2.0 3.06 41.70 44.76 NOTE
r-devel-linux-x86_64-fedora-clang 0.2.0 79.79 NOTE
r-devel-linux-x86_64-fedora-gcc 0.2.0 68.57 NOTE
r-devel-windows-ix86+x86_64 0.2.0 8.00 62.00 70.00 NOTE
r-devel-windows-x86_64-gcc10-UCRT 0.2.0 NOTE
r-patched-linux-x86_64 0.2.0 4.18 52.95 57.13 NOTE
r-patched-solaris-x86 0.2.0 101.90 NOTE
r-release-linux-x86_64 0.2.0 4.11 53.84 57.95 OK
r-release-macos-x86_64 0.2.0 OK
r-release-windows-ix86+x86_64 0.2.0 8.00 81.00 89.00 OK
r-oldrel-macos-x86_64 0.2.0 OK
r-oldrel-windows-ix86+x86_64 0.2.0 5.00 76.00 81.00 OK

Check Details

Version: 0.2.0
Check: LazyData
Result: NOTE
     'LazyData' is specified without a 'data' directory
Flavors: r-devel-linux-x86_64-debian-clang, r-devel-linux-x86_64-debian-gcc, r-devel-linux-x86_64-fedora-clang, r-devel-linux-x86_64-fedora-gcc, r-devel-windows-ix86+x86_64, r-devel-windows-x86_64-gcc10-UCRT, r-patched-linux-x86_64, r-patched-solaris-x86