CRAN Package Check Results for Package random

Last updated on 2018-10-22 01:50:56 CEST.

Flavor Version Tinstall Tcheck Ttotal Status Flags
r-devel-linux-x86_64-debian-clang 0.2.6 0.82 25.39 26.21 OK --no-tests
r-devel-linux-x86_64-debian-gcc 0.2.6 0.73 20.29 21.02 OK --no-tests
r-devel-linux-x86_64-fedora-clang 0.2.6 33.76 OK
r-devel-linux-x86_64-fedora-gcc 0.2.6 32.17 OK
r-devel-windows-ix86+x86_64 0.2.6 5.00 69.00 74.00 OK
r-patched-linux-x86_64 0.2.6 0.78 23.32 24.10 OK --no-tests
r-patched-solaris-x86 0.2.6 46.70 OK
r-release-linux-x86_64 0.2.6 0.72 23.24 23.96 OK --no-tests
r-release-windows-ix86+x86_64 0.2.6 6.00 67.00 73.00 OK
r-release-osx-x86_64 0.2.6 OK
r-oldrel-windows-ix86+x86_64 0.2.6 3.00 65.00 68.00 OK
r-oldrel-osx-x86_64 0.2.6 NOTE

Check Details

Version: 0.2.6
Check: re-building of vignette outputs
Result: NOTE
    Error in re-building vignettes:
     ...
    Error in texi2dvi(file = file, pdf = TRUE, clean = clean, quiet = quiet, :
     Running 'texi2dvi' on 'random-essay.tex' failed.
    LaTeX errors:
    ! LaTeX Error: File `vmargin.sty' not found.
    
    Type X to quit or <RETURN> to proceed,
    or enter new name. (Default extension: sty)
    
    ! Emergency stop.
    <read *>
    
    l.4 \setpapersize
     {USletter} % use USletter paper^^M
    ! ==> Fatal error occurred, no output PDF file produced!
    Calls: buildVignettes -> texi2pdf -> texi2dvi
    Execution halted
Flavor: r-oldrel-osx-x86_64