CRAN Package Check Results for Package random

Last updated on 2021-09-23 15:51:06 CEST.

Flavor Version Tinstall Tcheck Ttotal Status Flags
r-devel-linux-x86_64-debian-clang 0.2.6 2.04 34.56 36.60 OK
r-devel-linux-x86_64-debian-gcc 0.2.6 1.64 27.84 29.48 OK
r-devel-linux-x86_64-fedora-clang 0.2.6 53.42 OK
r-devel-linux-x86_64-fedora-gcc 0.2.6 42.31 OK
r-devel-windows-x86_64 0.2.6 4.00 45.00 49.00 OK
r-devel-windows-x86_64-gcc10-UCRT 0.2.6 ERROR
r-patched-linux-x86_64 0.2.6 1.84 34.75 36.59 OK
r-patched-solaris-x86 0.2.6 70.50 OK
r-release-linux-x86_64 0.2.6 1.81 34.65 36.46 OK
r-release-macos-arm64 0.2.6 OK
r-release-macos-x86_64 0.2.6 OK
r-release-windows-ix86+x86_64 0.2.6 4.00 47.00 51.00 OK
r-oldrel-macos-x86_64 0.2.6 OK
r-oldrel-windows-ix86+x86_64 0.2.6 33.00 47.00 80.00 OK

Check Details

Version: 0.2.6
Check: PDF version of manual
Result: WARN
    LaTeX errors when creating PDF version.
    This typically indicates Rd problems.
Flavor: r-devel-windows-x86_64-gcc10-UCRT

Version: 0.2.6
Check: PDF version of manual without hyperrefs or index
Result: ERROR
    Re-running with no redirection of stdout/stderr.
Flavor: r-devel-windows-x86_64-gcc10-UCRT