CRAN Package Check Results for Package random

Last updated on 2023-03-29 04:51:20 CEST.

Flavor Version Tinstall Tcheck Ttotal Status Flags
r-devel-linux-x86_64-debian-clang 0.2.6 2.07 32.69 34.76 OK
r-devel-linux-x86_64-debian-gcc 0.2.6 1.50 26.13 27.63 OK
r-devel-linux-x86_64-fedora-clang 0.2.6 45.87 OK
r-devel-linux-x86_64-fedora-gcc 0.2.6 53.81 OK
r-devel-windows-x86_64 0.2.6 14.00 0.00 14.00 OK
r-patched-linux-x86_64 0.2.6 2.28 31.98 34.26 OK
r-release-linux-x86_64 0.2.6 2.10 33.66 35.76 OK
r-release-macos-arm64 0.2.6 24.00 OK
r-release-macos-x86_64 0.2.6 31.00 OK
r-release-windows-x86_64 0.2.6 15.00 93.00 108.00 OK
r-oldrel-macos-arm64 0.2.6 28.00 OK
r-oldrel-macos-x86_64 0.2.6 38.00 OK
r-oldrel-windows-ix86+x86_64 0.2.6 6.00 68.00 74.00 NOTE

Check Details

Version: 0.2.6
Check: R code for possible problems
Result: NOTE
    Initiating curl with CURL_SSL_BACKEND: openssl
Flavor: r-oldrel-windows-ix86+x86_64