CRAN Package Check Results for Package randomForestSRC

Last updated on 2023-06-07 06:57:56 CEST.

Flavor Version Tinstall Tcheck Ttotal Status Flags
r-devel-linux-x86_64-debian-clang 3.2.2 53.40 137.18 190.58 OK
r-devel-linux-x86_64-debian-gcc 3.2.2 44.31 100.96 145.27 OK
r-devel-linux-x86_64-fedora-clang 3.2.2 251.44 OK
r-devel-linux-x86_64-fedora-gcc 3.2.2 244.12 OK
r-devel-windows-x86_64 3.2.2 45.00 127.00 172.00 OK
r-patched-linux-x86_64 3.2.2 42.98 127.61 170.59 OK
r-release-linux-x86_64 3.2.2 34.21 127.56 161.77 OK
r-release-macos-arm64 3.2.2 72.00 OK
r-release-macos-x86_64 3.2.1 109.00 NOTE
r-release-windows-x86_64 3.2.2 62.00 152.00 214.00 OK
r-oldrel-macos-arm64 3.2.2 77.00 OK
r-oldrel-macos-x86_64 3.2.2 78.00 OK
r-oldrel-windows-x86_64 3.2.2 55.00 142.00 197.00 OK

Check Details

Version: 3.2.1
Check: package dependencies
Result: NOTE
    Packages suggested but not available for checking:
     'pec', 'caret', 'imbalance'
Flavor: r-release-macos-x86_64