CRAN Package Check Results for Package randomizr

Last updated on 2021-06-14 03:49:14 CEST.

Flavor Version Tinstall Tcheck Ttotal Status Flags
r-devel-linux-x86_64-debian-clang 0.20.0 5.98 69.06 75.04 NOTE
r-devel-linux-x86_64-debian-gcc 0.20.0 3.77 52.34 56.11 NOTE
r-devel-linux-x86_64-fedora-clang 0.20.0 96.05 NOTE
r-devel-linux-x86_64-fedora-gcc 0.20.0 85.94 NOTE
r-devel-windows-x86_64 0.20.0 9.00 96.00 105.00 NOTE
r-devel-windows-x86_64-gcc10-UCRT 0.20.0 NOTE
r-patched-linux-x86_64 0.20.0 4.71 65.78 70.49 NOTE
r-patched-solaris-x86 0.20.0 119.20 NOTE
r-release-linux-x86_64 0.20.0 4.58 65.74 70.32 NOTE
r-release-macos-arm64 0.20.0 NOTE
r-release-macos-x86_64 0.20.0 NOTE
r-release-windows-ix86+x86_64 0.20.0 10.00 125.00 135.00 NOTE
r-oldrel-macos-x86_64 0.20.0 OK
r-oldrel-windows-ix86+x86_64 0.20.0 10.00 130.00 140.00 OK

Check Details

Version: 0.20.0
Check: LazyData
Result: NOTE
     'LazyData' is specified without a 'data' directory
Flavors: r-devel-linux-x86_64-debian-clang, r-devel-linux-x86_64-debian-gcc, r-devel-linux-x86_64-fedora-clang, r-devel-linux-x86_64-fedora-gcc, r-devel-windows-x86_64, r-devel-windows-x86_64-gcc10-UCRT, r-patched-linux-x86_64, r-patched-solaris-x86, r-release-linux-x86_64, r-release-macos-arm64, r-release-macos-x86_64, r-release-windows-ix86+x86_64