CRAN Package Check Results for Package randomizr

Last updated on 2022-12-08 05:59:03 CET.

Flavor Version Tinstall Tcheck Ttotal Status Flags
r-devel-linux-x86_64-debian-clang 0.22.0 5.46 74.57 80.03 NOTE
r-devel-linux-x86_64-debian-gcc 0.22.0 4.59 61.21 65.80 NOTE
r-devel-linux-x86_64-fedora-clang 0.22.0 107.61 NOTE
r-devel-linux-x86_64-fedora-gcc 0.22.0 116.85 NOTE
r-devel-windows-x86_64 0.22.0 42.00 122.00 164.00 OK
r-patched-linux-x86_64 0.22.0 5.05 70.23 75.28 NOTE
r-release-linux-x86_64 0.22.0 5.00 70.20 75.20 NOTE
r-release-macos-arm64 0.22.0 34.00 OK
r-release-macos-x86_64 0.22.0 46.00 OK
r-release-windows-x86_64 0.22.0 57.00 108.00 165.00 OK
r-oldrel-macos-arm64 0.22.0 37.00 OK
r-oldrel-macos-x86_64 0.22.0 49.00 OK
r-oldrel-windows-ix86+x86_64 0.22.0 13.00 136.00 149.00 OK

Check Details

Version: 0.22.0
Check: package dependencies
Result: NOTE
    Package suggested but not available for checking: 'ri'
Flavors: r-devel-linux-x86_64-debian-clang, r-devel-linux-x86_64-debian-gcc, r-devel-linux-x86_64-fedora-clang, r-devel-linux-x86_64-fedora-gcc, r-patched-linux-x86_64, r-release-linux-x86_64