CRAN Package Check Results for Package randomsearch

Last updated on 2020-03-31 18:47:49 CEST.

Flavor Version Tinstall Tcheck Ttotal Status Flags
r-devel-linux-x86_64-debian-clang 0.2.0 6.34 205.43 211.77 OK
r-devel-linux-x86_64-debian-gcc 0.2.0 5.43 149.06 154.49 OK
r-devel-linux-x86_64-fedora-clang 0.2.0 225.04 OK
r-devel-linux-x86_64-fedora-gcc 0.2.0 229.39 OK
r-devel-windows-ix86+x86_64 0.2.0 24.00 157.00 181.00 OK
r-devel-windows-ix86+x86_64-gcc8 0.2.0 17.00 169.00 186.00 OK
r-patched-linux-x86_64 0.2.0 6.46 194.90 201.36 OK
r-patched-solaris-x86 0.2.0 309.40 ERROR
r-release-linux-x86_64 0.2.0 7.05 189.50 196.55 OK
r-release-windows-ix86+x86_64 0.2.0 32.00 230.00 262.00 OK
r-release-osx-x86_64 0.2.0 OK
r-oldrel-windows-ix86+x86_64 0.2.0 17.00 233.00 250.00 OK
r-oldrel-osx-x86_64 0.2.0 OK

Check Details

Version: 0.2.0
Check: tests
Result: ERROR
     Running ‘testthat.R’ [196s/241s]
    Running the tests in ‘tests/testthat.R’ failed.
    Complete output:
     > library(testthat)
     > library(randomsearch)
     Loading required package: ParamHelpers
     Loading required package: smoof
     Loading required package: checkmate
     >
     > test_check("randomsearch")
     Error : [ENOENT] Failed to stat '/tmp/RtmpN7aW3H/working_dir/RtmpCTaqz5/file72ca495578c7/2_24': no such file or directory
     ── 1. Error: parallel randomsearch works with parallelMap (@test_randomsearch.R#
     [ENOENT] Failed to stat '/tmp/RtmpN7aW3H/working_dir/RtmpCTaqz5/file72ca495578c7/2_24': no such file or directory
    
     Backtrace:
     1. randomsearch::randomsearch(...)
     2. randomsearch:::randomsearch.smoof_function(...)
     3. parallelMap::parallelMap(...)
     4. parallelMap:::checkResultsAndStopWithErrorsMessages(res)
     5. parallelMap:::stopWithJobErrorMessages(...)
     6. BBmisc::stopf(...)
    
     ══ testthat results ═══════════════════════════════════════════════════════════
     [ OK: 69 | SKIPPED: 0 | WARNINGS: 0 | FAILED: 1 ]
     1. Error: parallel randomsearch works with parallelMap (@test_randomsearch.R#83)
    
     Error: testthat unit tests failed
     Execution halted
Flavor: r-patched-solaris-x86