Last updated on 2023-06-07 22:02:52 CEST.
Flavor | Version | Tinstall | Tcheck | Ttotal | Status | Flags |
---|---|---|---|---|---|---|
r-devel-linux-x86_64-debian-clang | 0.2.0 | 5.55 | 54.80 | 60.35 | OK | |
r-devel-linux-x86_64-debian-gcc | 0.2.0 | 3.84 | 42.50 | 46.34 | OK | |
r-devel-linux-x86_64-fedora-clang | 0.2.0 | 75.13 | NOTE | |||
r-devel-linux-x86_64-fedora-gcc | 0.2.0 | 83.85 | OK | |||
r-devel-windows-x86_64 | 0.2.0 | 7.00 | 69.00 | 76.00 | OK | |
r-patched-linux-x86_64 | 0.2.0 | 5.35 | 52.14 | 57.49 | OK | |
r-release-linux-x86_64 | 0.2.0 | 5.24 | 52.77 | 58.01 | OK | |
r-release-macos-arm64 | 0.2.0 | 54.00 | OK | |||
r-release-macos-x86_64 | 0.2.0 | 69.00 | OK | |||
r-release-windows-x86_64 | 0.2.0 | 7.00 | 74.00 | 81.00 | OK | |
r-oldrel-macos-arm64 | 0.2.0 | 44.00 | OK | |||
r-oldrel-macos-x86_64 | 0.2.0 | 60.00 | OK | |||
r-oldrel-windows-x86_64 | 0.2.0 | 8.00 | 82.00 | 90.00 | OK |
Version: 0.2.0
Check: Rd cross-references
Result: NOTE
Undeclared package ‘igraph’ in Rd xrefs
Flavor: r-devel-linux-x86_64-fedora-clang