CRAN Package Check Results for Package rang

Last updated on 2024-04-13 06:01:09 CEST.

Flavor Version Tinstall Tcheck Ttotal Status Flags
r-devel-linux-x86_64-debian-clang 0.3.0 5.44 70.95 76.39 OK
r-devel-linux-x86_64-debian-gcc 0.3.0 4.36 51.89 56.25 OK
r-devel-linux-x86_64-fedora-clang 0.3.0 98.69 NOTE
r-devel-linux-x86_64-fedora-gcc 0.3.0 104.43 OK
r-devel-windows-x86_64 0.3.0 6.00 81.00 87.00 OK
r-patched-linux-x86_64 0.3.0 4.63 66.87 71.50 OK
r-release-linux-x86_64 0.3.0 4.87 64.99 69.86 OK
r-release-macos-arm64 0.3.0 143.00 OK
r-release-macos-x86_64 0.3.0 101.00 OK
r-release-windows-x86_64 0.3.0 9.00 86.00 95.00 OK
r-oldrel-macos-arm64 0.3.0 76.00 OK
r-oldrel-windows-x86_64 0.3.0 8.00 90.00 98.00 OK

Check Details

Version: 0.3.0
Check: Rd cross-references
Result: NOTE Undeclared package ‘igraph’ in Rd xrefs Flavor: r-devel-linux-x86_64-fedora-clang