CRAN Package Check Results for Package ranger

Last updated on 2022-01-28 16:49:41 CET.

Flavor Version Tinstall Tcheck Ttotal Status Flags
r-devel-linux-x86_64-debian-clang 0.13.1 106.96 130.40 237.36 OK
r-devel-linux-x86_64-debian-gcc 0.13.1 80.48 98.65 179.13 OK
r-devel-linux-x86_64-fedora-clang 0.13.1 298.70 NOTE
r-devel-linux-x86_64-fedora-gcc 0.13.1 273.91 OK
r-devel-windows-x86_64-new-UL 0.13.1 122.00 170.00 292.00 OK
r-devel-windows-x86_64-new-TK 0.13.1 OK
r-patched-linux-x86_64 0.13.1 96.50 112.70 209.20 OK
r-release-linux-x86_64 0.13.1 89.22 111.92 201.14 OK
r-release-macos-arm64 0.13.1 NOTE
r-release-macos-x86_64 0.13.1 NOTE
r-release-windows-ix86+x86_64 0.13.1 235.00 207.00 442.00 OK
r-oldrel-macos-x86_64 0.13.1 NOTE
r-oldrel-windows-ix86+x86_64 0.13.1 235.00 248.00 483.00 OK

Check Details

Version: 0.13.1
Check: installed package size
Result: NOTE
     installed size is 6.7Mb
     sub-directories of 1Mb or more:
     libs 6.4Mb
Flavors: r-devel-linux-x86_64-fedora-clang, r-release-macos-arm64, r-release-macos-x86_64, r-oldrel-macos-x86_64