CRAN Package Check Results for Package ranger

Last updated on 2021-09-27 02:48:33 CEST.

Flavor Version Tinstall Tcheck Ttotal Status Flags
r-devel-linux-x86_64-debian-clang 0.13.1 109.61 106.83 216.44 OK
r-devel-linux-x86_64-debian-gcc 0.13.1 75.40 82.61 158.01 OK
r-devel-linux-x86_64-fedora-clang 0.13.1 295.90 NOTE
r-devel-linux-x86_64-fedora-gcc 0.13.1 268.09 OK
r-devel-windows-x86_64 0.13.1 94.00 102.00 196.00 OK
r-devel-windows-x86_64-gcc10-UCRT 0.13.1 OK
r-patched-linux-x86_64 0.13.1 90.47 103.90 194.37 OK
r-patched-solaris-x86 0.13.1 356.90 OK
r-release-linux-x86_64 0.13.1 91.00 104.90 195.90 OK
r-release-macos-arm64 0.13.1 NOTE
r-release-macos-x86_64 0.13.1 NOTE
r-release-windows-ix86+x86_64 0.13.1 242.00 150.00 392.00 OK
r-oldrel-macos-x86_64 0.13.1 NOTE
r-oldrel-windows-ix86+x86_64 0.13.1 174.00 168.00 342.00 OK

Check Details

Version: 0.13.1
Check: installed package size
Result: NOTE
     installed size is 6.7Mb
     sub-directories of 1Mb or more:
     libs 6.4Mb
Flavors: r-devel-linux-x86_64-fedora-clang, r-release-macos-arm64, r-release-macos-x86_64, r-oldrel-macos-x86_64