Last updated on 2022-06-26 06:50:46 CEST.
Flavor | Version | Tinstall | Tcheck | Ttotal | Status | Flags |
---|---|---|---|---|---|---|
r-devel-linux-x86_64-debian-clang | 0.14.1 | 97.60 | 118.94 | 216.54 | OK | |
r-devel-linux-x86_64-debian-gcc | 0.14.1 | 91.82 | 89.38 | 181.20 | OK | |
r-devel-linux-x86_64-fedora-clang | 0.14.1 | 329.67 | NOTE | |||
r-devel-linux-x86_64-fedora-gcc | 0.14.1 | 291.95 | OK | |||
r-devel-windows-x86_64 | 0.14.1 | 95.00 | 168.00 | 263.00 | OK | |
r-patched-linux-x86_64 | 0.14.1 | 98.15 | 113.68 | 211.83 | OK | |
r-release-linux-x86_64 | 0.14.1 | 85.76 | 113.48 | 199.24 | OK | |
r-release-macos-arm64 | 0.14.1 | 72.00 | NOTE | |||
r-release-macos-x86_64 | 0.14.1 | 99.00 | NOTE | |||
r-release-windows-x86_64 | 0.14.1 | 97.00 | 163.00 | 260.00 | OK | |
r-oldrel-macos-arm64 | 0.14.1 | 71.00 | NOTE | |||
r-oldrel-macos-x86_64 | 0.14.1 | 98.00 | NOTE | |||
r-oldrel-windows-ix86+x86_64 | 0.14.1 | 163.00 | 168.00 | 331.00 | OK |
Version: 0.14.1
Check: installed package size
Result: NOTE
installed size is 5.4Mb
sub-directories of 1Mb or more:
libs 5.1Mb
Flavors: r-devel-linux-x86_64-fedora-clang, r-release-macos-arm64, r-release-macos-x86_64, r-oldrel-macos-arm64, r-oldrel-macos-x86_64