CRAN Package Check Results for Package ranger

Last updated on 2021-05-17 17:48:10 CEST.

Flavor Version Tinstall Tcheck Ttotal Status Flags
r-devel-linux-x86_64-debian-clang 0.12.1 107.96 105.67 213.63 OK
r-devel-linux-x86_64-debian-gcc 0.12.1 76.72 80.39 157.11 OK
r-devel-linux-x86_64-fedora-clang 0.12.1 289.64 NOTE
r-devel-linux-x86_64-fedora-gcc 0.12.1 262.18 OK
r-devel-windows-ix86+x86_64 0.12.1 245.00 150.00 395.00 OK
r-devel-windows-x86_64-gcc10-UCRT 0.12.1 OK
r-patched-linux-x86_64 0.12.1 90.77 103.57 194.34 OK
r-patched-solaris-x86 0.12.1 355.40 OK
r-release-linux-x86_64 0.12.1 90.18 99.85 190.03 OK
r-release-macos-x86_64 0.12.1 NOTE
r-release-windows-ix86+x86_64 0.12.1 174.00 151.00 325.00 OK
r-oldrel-macos-x86_64 0.12.1 NOTE
r-oldrel-windows-ix86+x86_64 0.12.1 163.00 207.00 370.00 OK

Check Details

Version: 0.12.1
Check: installed package size
Result: NOTE
     installed size is 7.0Mb
     sub-directories of 1Mb or more:
     libs 6.8Mb
Flavors: r-devel-linux-x86_64-fedora-clang, r-release-macos-x86_64, r-oldrel-macos-x86_64