CRAN Package Check Results for Package ranger

Last updated on 2021-03-01 16:49:59 CET.

Flavor Version Tinstall Tcheck Ttotal Status Flags
r-devel-linux-x86_64-debian-clang 0.12.1 OK
r-devel-linux-x86_64-debian-gcc 0.12.1 75.35 81.10 156.45 OK
r-devel-linux-x86_64-fedora-clang 0.12.1 292.84 NOTE
r-devel-linux-x86_64-fedora-gcc 0.12.1 260.27 OK
r-devel-windows-ix86+x86_64 0.12.1 179.00 146.00 325.00 OK
r-patched-linux-x86_64 0.12.1 85.32 101.24 186.56 OK
r-patched-solaris-x86 0.12.1 365.30 OK
r-release-linux-x86_64 0.12.1 87.20 101.22 188.42 OK
r-release-macos-x86_64 0.12.1 NOTE
r-release-windows-ix86+x86_64 0.12.1 228.00 10.00 238.00 ERROR
r-oldrel-macos-x86_64 0.12.1 NOTE
r-oldrel-windows-ix86+x86_64 0.12.1 176.00 253.00 429.00 OK

Check Details

Version: 0.12.1
Check: installed package size
Result: NOTE
     installed size is 8.6Mb
     sub-directories of 1Mb or more:
     libs 8.3Mb
Flavors: r-devel-linux-x86_64-fedora-clang, r-release-macos-x86_64, r-oldrel-macos-x86_64

Version: 0.12.1
Check: whether package can be installed
Result: ERROR
    Installation failed.
    See * DONE
Flavor: r-release-windows-ix86+x86_64