CRAN Package Check Results for Package rankUncertainty

Last updated on 2023-05-29 16:55:41 CEST.

Flavor Version Tinstall Tcheck Ttotal Status Flags
r-devel-linux-x86_64-debian-clang 1.0.2.0 62.54 39.14 101.68 NOTE
r-devel-linux-x86_64-debian-gcc 1.0.2.0 44.40 30.25 74.65 NOTE
r-devel-linux-x86_64-fedora-clang 1.0.2.0 162.47 NOTE
r-devel-linux-x86_64-fedora-gcc 1.0.2.0 146.06 NOTE
r-devel-windows-x86_64 1.0.2.0 42.00 72.00 114.00 NOTE
r-patched-linux-x86_64 1.0.2.0 50.99 37.73 88.72 NOTE
r-release-linux-x86_64 1.0.2.0 47.98 37.74 85.72 NOTE
r-release-macos-arm64 1.0.2.0 39.00 NOTE
r-release-macos-x86_64 1.0.2.0 65.00 NOTE
r-release-windows-x86_64 1.0.2.0 46.00 82.00 128.00 NOTE
r-oldrel-macos-arm64 1.0.2.0 37.00 OK
r-oldrel-macos-x86_64 1.0.2.0 49.00 OK
r-oldrel-windows-x86_64 1.0.2.0 60.00 77.00 137.00 OK

Check Details

Version: 1.0.2.0
Check: C++ specification
Result: NOTE
     Specified C++11: please drop specification unless essential
Flavors: r-devel-linux-x86_64-debian-clang, r-devel-linux-x86_64-debian-gcc, r-devel-linux-x86_64-fedora-clang, r-devel-linux-x86_64-fedora-gcc, r-devel-windows-x86_64, r-patched-linux-x86_64, r-release-linux-x86_64, r-release-macos-arm64, r-release-macos-x86_64, r-release-windows-x86_64