Last updated on 2025-01-18 01:48:31 CET.
Flavor | Version | Tinstall | Tcheck | Ttotal | Status | Flags |
---|---|---|---|---|---|---|
r-devel-linux-x86_64-debian-clang | 0.23 | 17.42 | 67.63 | 85.05 | NOTE | |
r-devel-linux-x86_64-debian-gcc | 0.23 | 14.18 | 49.33 | 63.51 | NOTE | |
r-devel-linux-x86_64-fedora-clang | 0.23 | 162.38 | OK | |||
r-devel-linux-x86_64-fedora-gcc | 0.23 | 158.46 | OK | |||
r-devel-windows-x86_64 | 0.23 | 23.00 | 95.00 | 118.00 | NOTE | |
r-patched-linux-x86_64 | 0.23 | 24.87 | 62.97 | 87.84 | OK | |
r-release-linux-x86_64 | 0.23 | 19.03 | 62.93 | 81.96 | OK | |
r-release-macos-arm64 | 0.23 | 43.00 | OK | |||
r-release-macos-x86_64 | 0.23 | 62.00 | OK | |||
r-release-windows-x86_64 | 0.23 | 21.00 | 94.00 | 115.00 | OK | |
r-oldrel-macos-arm64 | 0.23 | 55.00 | OK | |||
r-oldrel-macos-x86_64 | 0.23 | 83.00 | OK | |||
r-oldrel-windows-x86_64 | 0.23 | 27.00 | 113.00 | 140.00 | OK |
Version: 0.23
Check: Rd cross-references
Result: NOTE
Found the following Rd file(s) with Rd \link{} targets missing package
anchors:
rboost.Rd: gbm.object, gbm.more, gbm.perf
Please provide package anchors for all Rd \link{} targets not in the
package itself and the base packages.
Flavors: r-devel-linux-x86_64-debian-clang, r-devel-linux-x86_64-debian-gcc, r-devel-windows-x86_64