CRAN Package Check Results for Package rapidjsonr

Last updated on 2022-08-16 19:54:07 CEST.

Flavor Version Tinstall Tcheck Ttotal Status Flags
r-devel-linux-x86_64-debian-clang 1.2.0 1.87 19.33 21.20 NOTE
r-devel-linux-x86_64-debian-gcc 1.2.0 1.51 15.24 16.75 NOTE
r-devel-linux-x86_64-fedora-clang 1.2.0 37.37 NOTE
r-devel-linux-x86_64-fedora-gcc 1.2.0 36.25 NOTE
r-devel-windows-x86_64 1.2.0 28.00 41.00 69.00 NOTE
r-patched-linux-x86_64 1.2.0 2.04 19.26 21.30 NOTE
r-release-linux-x86_64 1.2.0 1.69 19.10 20.79 NOTE
r-release-macos-arm64 1.2.0 14.00 NOTE
r-release-macos-x86_64 1.2.0 20.00 NOTE
r-release-windows-x86_64 1.2.0 8.00 41.00 49.00 NOTE
r-oldrel-macos-arm64 1.2.0 15.00 NOTE
r-oldrel-macos-x86_64 1.2.0 23.00 NOTE
r-oldrel-windows-ix86+x86_64 1.2.0 4.00 25.00 29.00 NOTE

Check Details

Version: 1.2.0
Check: LazyData
Result: NOTE
     'LazyData' is specified without a 'data' directory
Flavors: r-devel-linux-x86_64-debian-clang, r-devel-linux-x86_64-debian-gcc, r-devel-linux-x86_64-fedora-clang, r-devel-linux-x86_64-fedora-gcc, r-devel-windows-x86_64, r-patched-linux-x86_64, r-release-linux-x86_64, r-release-macos-arm64, r-release-macos-x86_64, r-release-windows-x86_64, r-oldrel-macos-arm64, r-oldrel-macos-x86_64, r-oldrel-windows-ix86+x86_64