CRAN Package Check Results for Package rareGE

Last updated on 2021-12-06 15:52:18 CET.

Flavor Version Tinstall Tcheck Ttotal Status Flags
r-devel-linux-x86_64-debian-clang 0.1 8.33 81.60 89.93 NOTE
r-devel-linux-x86_64-debian-gcc 0.1 8.08 63.76 71.84 NOTE
r-devel-linux-x86_64-fedora-clang 0.1 110.54 NOTE
r-devel-linux-x86_64-fedora-gcc 0.1 101.51 NOTE
r-devel-windows-x86_64-new-UL 0.1 14.00 109.00 123.00 NOTE
r-devel-windows-x86_64-new-TK 0.1 NOTE
r-devel-windows-x86_64-old 0.1 13.00 73.00 86.00 NOTE
r-patched-linux-x86_64 0.1 9.71 70.43 80.14 NOTE
r-release-linux-x86_64 0.1 8.61 78.74 87.35 NOTE
r-release-macos-arm64 0.1 NOTE
r-release-macos-x86_64 0.1 NOTE
r-release-windows-ix86+x86_64 0.1 18.00 95.00 113.00 NOTE
r-oldrel-macos-x86_64 0.1 NOTE
r-oldrel-windows-ix86+x86_64 0.1 19.00 92.00 111.00 NOTE

Check Details

Version: 0.1
Check: R code for possible problems
Result: NOTE
    INT_FIX: no visible global function definition for 'rbinom'
    INT_FIX: no visible global function definition for 'glm'
    INT_FIX: no visible global function definition for 'as.formula'
    INT_FIX: no visible global function definition for 'residuals'
    INT_FIX: no visible global function definition for 'var'
    INT_RAN: no visible global function definition for 'rbinom'
    INT_RAN: no visible global function definition for 'as.formula'
    INT_RAN: no visible global function definition for 'predict'
    JOINT: no visible global function definition for 'rbinom'
    JOINT: no visible global function definition for 'glm'
    JOINT: no visible global function definition for 'as.formula'
    JOINT: no visible global function definition for 'var'
    JOINT: no visible global function definition for 'residuals'
    pKuonen: no visible global function definition for 'pchisq'
    pKuonen: no visible global function definition for 'uniroot'
    pKuonen: no visible global function definition for 'pnorm'
    rareGE: no visible global function definition for 'rbinom'
    rareGE: no visible global function definition for 'as.formula'
    rareGE: no visible global function definition for 'predict'
    rareGE: no visible global function definition for 'glm'
    rareGE: no visible global function definition for 'residuals'
    rareGE: no visible global function definition for 'var'
    rareGE_joint_mc: no visible global function definition for 'pchisq'
    rareGE_joint_mc: no visible global function definition for 'qchisq'
    wuweights: no visible global function definition for 'dbeta'
    Undefined global functions or variables:
     as.formula dbeta glm pchisq pnorm predict qchisq rbinom residuals
     uniroot var
    Consider adding
     importFrom("stats", "as.formula", "dbeta", "glm", "pchisq", "pnorm",
     "predict", "qchisq", "rbinom", "residuals", "uniroot",
     "var")
    to your NAMESPACE file.
Flavors: r-devel-linux-x86_64-debian-clang, r-devel-linux-x86_64-debian-gcc, r-devel-linux-x86_64-fedora-clang, r-devel-linux-x86_64-fedora-gcc, r-devel-windows-x86_64-new-UL, r-devel-windows-x86_64-new-TK, r-devel-windows-x86_64-old, r-patched-linux-x86_64, r-release-linux-x86_64, r-release-macos-arm64, r-release-macos-x86_64, r-release-windows-ix86+x86_64, r-oldrel-macos-x86_64, r-oldrel-windows-ix86+x86_64