CRAN Package Check Results for Package rareGE

Last updated on 2020-05-26 08:49:29 CEST.

Flavor Version Tinstall Tcheck Ttotal Status Flags
r-devel-linux-x86_64-debian-clang 0.1 9.15 68.94 78.09 NOTE
r-devel-linux-x86_64-debian-gcc 0.1 7.04 54.10 61.14 NOTE
r-devel-linux-x86_64-fedora-clang 0.1 94.94 NOTE
r-devel-linux-x86_64-fedora-gcc 0.1 94.68 NOTE
r-devel-windows-ix86+x86_64 0.1 22.00 122.00 144.00 NOTE
r-patched-linux-x86_64 0.1 8.26 68.62 76.88 NOTE
r-patched-solaris-x86 0.1 138.30 NOTE
r-release-linux-x86_64 0.1 8.69 68.77 77.46 NOTE
r-release-osx-x86_64 0.1 NOTE
r-release-windows-ix86+x86_64 0.1 17.00 103.00 120.00 NOTE
r-oldrel-osx-x86_64 0.1 NOTE
r-oldrel-windows-ix86+x86_64 0.1 15.00 98.00 113.00 NOTE

Check Details

Version: 0.1
Check: R code for possible problems
Result: NOTE
    INT_FIX: no visible global function definition for 'rbinom'
    INT_FIX: no visible global function definition for 'glm'
    INT_FIX: no visible global function definition for 'as.formula'
    INT_FIX: no visible global function definition for 'residuals'
    INT_FIX: no visible global function definition for 'var'
    INT_RAN: no visible global function definition for 'rbinom'
    INT_RAN: no visible global function definition for 'as.formula'
    INT_RAN: no visible global function definition for 'predict'
    JOINT: no visible global function definition for 'rbinom'
    JOINT: no visible global function definition for 'glm'
    JOINT: no visible global function definition for 'as.formula'
    JOINT: no visible global function definition for 'var'
    JOINT: no visible global function definition for 'residuals'
    pKuonen: no visible global function definition for 'pchisq'
    pKuonen: no visible global function definition for 'uniroot'
    pKuonen: no visible global function definition for 'pnorm'
    rareGE: no visible global function definition for 'rbinom'
    rareGE: no visible global function definition for 'as.formula'
    rareGE: no visible global function definition for 'predict'
    rareGE: no visible global function definition for 'glm'
    rareGE: no visible global function definition for 'residuals'
    rareGE: no visible global function definition for 'var'
    rareGE_joint_mc: no visible global function definition for 'pchisq'
    rareGE_joint_mc: no visible global function definition for 'qchisq'
    wuweights: no visible global function definition for 'dbeta'
    Undefined global functions or variables:
     as.formula dbeta glm pchisq pnorm predict qchisq rbinom residuals
     uniroot var
    Consider adding
     importFrom("stats", "as.formula", "dbeta", "glm", "pchisq", "pnorm",
     "predict", "qchisq", "rbinom", "residuals", "uniroot",
     "var")
    to your NAMESPACE file.
Flavors: r-devel-linux-x86_64-debian-clang, r-devel-linux-x86_64-debian-gcc, r-devel-linux-x86_64-fedora-clang, r-devel-linux-x86_64-fedora-gcc, r-devel-windows-ix86+x86_64, r-patched-linux-x86_64, r-patched-solaris-x86, r-release-linux-x86_64, r-release-osx-x86_64, r-release-windows-ix86+x86_64, r-oldrel-osx-x86_64, r-oldrel-windows-ix86+x86_64