CRAN Package Check Results for Package rase

Last updated on 2018-05-20 23:48:13 CEST.

Flavor Version Tinstall Tcheck Ttotal Status Flags
r-devel-linux-x86_64-debian-clang 0.3-3 8.55 92.94 101.49 OK
r-devel-linux-x86_64-debian-gcc 0.3-3 6.30 74.23 80.53 OK
r-devel-linux-x86_64-fedora-clang 0.3-3 125.28 OK
r-devel-linux-x86_64-fedora-gcc 0.3-3 120.67 OK
r-devel-windows-ix86+x86_64 0.3-3 14.00 101.00 115.00 OK
r-patched-linux-x86_64 0.3-3 6.06 80.32 86.38 OK
r-patched-solaris-x86 0.3-3 182.50 OK
r-release-linux-x86_64 0.3-3 6.48 80.31 86.79 OK
r-release-windows-ix86+x86_64 0.3-3 13.00 93.00 106.00 OK
r-release-osx-x86_64 0.3-3 NOTE
r-oldrel-windows-ix86+x86_64 0.3-3 11.00 92.00 103.00 OK
r-oldrel-osx-x86_64 0.3-3 OK

Check Details

Version: 0.3-3
Check: package dependencies
Result: NOTE
    Package suggested but not available for checking: ‘rpanel’
Flavor: r-release-osx-x86_64