CRAN Package Check Results for Package rase

Last updated on 2019-02-16 22:46:39 CET.

Flavor Version Tinstall Tcheck Ttotal Status Flags
r-devel-linux-x86_64-debian-clang 0.3-3 7.93 89.09 97.02 OK
r-devel-linux-x86_64-debian-gcc 0.3-3 6.39 70.83 77.22 OK
r-devel-linux-x86_64-fedora-clang 0.3-3 119.93 OK
r-devel-linux-x86_64-fedora-gcc 0.3-3 112.11 OK
r-devel-windows-ix86+x86_64 0.3-3 19.00 137.00 156.00 OK
r-patched-linux-x86_64 0.3-3 7.47 82.06 89.53 OK
r-patched-solaris-x86 0.3-3 174.50 OK
r-release-linux-x86_64 0.3-3 OK
r-release-windows-ix86+x86_64 0.3-3 12.00 137.00 149.00 OK
r-release-osx-x86_64 0.3-3 NOTE
r-oldrel-windows-ix86+x86_64 0.3-3 18.00 139.00 157.00 OK
r-oldrel-osx-x86_64 0.3-3 OK

Check Details

Version: 0.3-3
Check: package dependencies
Result: NOTE
    Package suggested but not available for checking: ‘rpanel’
Flavor: r-release-osx-x86_64