CRAN Package Check Results for Package rase

Last updated on 2019-11-14 22:49:25 CET.

Flavor Version Tinstall Tcheck Ttotal Status Flags
r-devel-linux-x86_64-debian-clang 0.3-3 12.71 88.78 101.49 OK
r-devel-linux-x86_64-debian-gcc 0.3-3 9.66 70.94 80.60 OK
r-devel-linux-x86_64-fedora-clang 0.3-3 122.19 OK
r-devel-linux-x86_64-fedora-gcc 0.3-3 124.05 OK
r-devel-windows-ix86+x86_64 0.3-3 43.00 102.00 145.00 OK
r-patched-linux-x86_64 0.3-3 10.58 87.64 98.22 OK
r-patched-solaris-x86 0.3-3 197.10 OK
r-release-linux-x86_64 0.3-3 11.44 87.57 99.01 OK
r-release-windows-ix86+x86_64 0.3-3 23.00 183.00 206.00 OK
r-release-osx-x86_64 0.3-3 WARN
r-oldrel-windows-ix86+x86_64 0.3-3 12.00 144.00 156.00 OK
r-oldrel-osx-x86_64 0.3-3 NOTE

Check Details

Version: 0.3-3
Check: package dependencies
Result: NOTE
    Package suggested but not available for checking: ‘rpanel’
Flavors: r-release-osx-x86_64, r-oldrel-osx-x86_64

Version: 0.3-3
Check: whether package can be installed
Result: WARN
    Found the following significant warnings:
     Warning: 'rgl_init' failed, running with rgl.useNULL = TRUE
Flavor: r-release-osx-x86_64