CRAN Package Check Results for Package rase

Last updated on 2018-11-15 00:47:47 CET.

Flavor Version Tinstall Tcheck Ttotal Status Flags
r-devel-linux-x86_64-debian-clang 0.3-3 7.74 96.27 104.01 OK
r-devel-linux-x86_64-debian-gcc 0.3-3 7.73 78.73 86.46 OK
r-devel-linux-x86_64-fedora-clang 0.3-3 123.00 OK
r-devel-linux-x86_64-fedora-gcc 0.3-3 120.47 OK
r-devel-windows-ix86+x86_64 0.3-3 14.00 96.00 110.00 OK
r-patched-linux-x86_64 0.3-3 7.16 81.15 88.31 OK
r-patched-solaris-x86 0.3-3 183.20 OK
r-release-linux-x86_64 0.3-3 7.43 81.56 88.99 OK
r-release-windows-ix86+x86_64 0.3-3 26.00 96.00 122.00 OK
r-release-osx-x86_64 0.3-3 NOTE
r-oldrel-windows-ix86+x86_64 0.3-3 24.00 98.00 122.00 OK
r-oldrel-osx-x86_64 0.3-3 OK

Check Details

Version: 0.3-3
Check: package dependencies
Result: NOTE
    Package suggested but not available for checking: ‘rpanel’
Flavor: r-release-osx-x86_64