Last updated on 2023-04-02 03:51:40 CEST.
Flavor | Version | Tinstall | Tcheck | Ttotal | Status | Flags |
---|---|---|---|---|---|---|
r-devel-linux-x86_64-debian-clang | 3.6-20 | 282.37 | 498.45 | 780.82 | OK | |
r-devel-linux-x86_64-debian-gcc | 3.6-20 | 205.09 | 365.72 | 570.81 | OK | |
r-devel-linux-x86_64-fedora-clang | 3.6-20 | 1088.16 | OK | |||
r-devel-linux-x86_64-fedora-gcc | 3.6-20 | 995.31 | OK | |||
r-devel-windows-x86_64 | 3.6-20 | 401.00 | 452.00 | 853.00 | NOTE | |
r-patched-linux-x86_64 | 3.6-20 | 229.56 | 471.78 | 701.34 | OK | |
r-release-linux-x86_64 | 3.6-20 | 201.45 | 461.06 | 662.51 | OK | |
r-release-macos-arm64 | 3.6-20 | 205.00 | NOTE | |||
r-release-macos-x86_64 | 3.6-20 | 264.00 | NOTE | |||
r-release-windows-x86_64 | 3.6-20 | 490.00 | 573.00 | 1063.00 | NOTE | |
r-oldrel-macos-arm64 | 3.6-20 | 160.00 | NOTE | |||
r-oldrel-macos-x86_64 | 3.6-20 | 253.00 | NOTE | |||
r-oldrel-windows-ix86+x86_64 | 3.6-20 | 556.00 | 686.00 | 1242.00 | NOTE |
Version: 3.6-20
Check: installed package size
Result: NOTE
installed size is 5.5Mb
sub-directories of 1Mb or more:
R 3.1Mb
libs 1.4Mb
Flavors: r-devel-windows-x86_64, r-release-macos-arm64, r-release-macos-x86_64, r-release-windows-x86_64, r-oldrel-macos-arm64, r-oldrel-macos-x86_64, r-oldrel-windows-ix86+x86_64