CRAN Package Check Results for Package raster

Last updated on 2022-11-29 17:52:14 CET.

Flavor Version Tinstall Tcheck Ttotal Status Flags
r-devel-linux-x86_64-debian-clang 3.6-3 257.74 495.63 753.37 WARN
r-devel-linux-x86_64-debian-gcc 3.6-3 192.71 359.40 552.11 WARN
r-devel-linux-x86_64-fedora-clang 3.6-11 1042.70 OK
r-devel-linux-x86_64-fedora-gcc 3.6-11 966.91 OK
r-devel-windows-x86_64 3.6-3 421.00 584.00 1005.00 NOTE
r-patched-linux-x86_64 3.6-3 222.92 462.93 685.85 OK
r-release-linux-x86_64 3.6-3 219.76 471.74 691.50 OK
r-release-macos-arm64 3.6-3 204.00 NOTE
r-release-macos-x86_64 3.6-3 256.00 NOTE
r-release-windows-x86_64 3.6-11 381.00 587.00 968.00 NOTE
r-oldrel-macos-arm64 3.6-3 184.00 NOTE
r-oldrel-macos-x86_64 3.6-3 262.00 NOTE
r-oldrel-windows-ix86+x86_64 3.6-3 554.00 714.00 1268.00 NOTE

Check Details

Version: 3.6-3
Check: whether package can be installed
Result: WARN
    Found the following significant warnings:
     geodesic.c:50:17: warning: a function declaration without a prototype is deprecated in all versions of C [-Wstrict-prototypes]
Flavor: r-devel-linux-x86_64-debian-clang

Version: 3.6-3
Check: whether package can be installed
Result: WARN
    Found the following significant warnings:
     geodesic.c:50:13: warning: function declaration isn’t a prototype [-Wstrict-prototypes]
Flavor: r-devel-linux-x86_64-debian-gcc

Version: 3.6-3
Check: installed package size
Result: NOTE
     installed size is 5.5Mb
     sub-directories of 1Mb or more:
     R 3.0Mb
     libs 1.4Mb
Flavors: r-devel-windows-x86_64, r-release-macos-arm64, r-release-macos-x86_64, r-oldrel-macos-arm64, r-oldrel-macos-x86_64, r-oldrel-windows-ix86+x86_64

Version: 3.6-11
Check: installed package size
Result: NOTE
     installed size is 5.4Mb
     sub-directories of 1Mb or more:
     R 3.0Mb
     libs 1.4Mb
Flavor: r-release-windows-x86_64