CRAN Package Check Results for Package raster

Last updated on 2019-07-23 06:47:45 CEST.

Flavor Version Tinstall Tcheck Ttotal Status Flags
r-devel-linux-x86_64-debian-clang 2.9-23 187.73 241.01 428.74 OK
r-devel-linux-x86_64-debian-gcc 2.9-23 137.02 185.95 322.97 OK
r-devel-linux-x86_64-fedora-clang 2.9-23 567.85 NOTE
r-devel-linux-x86_64-fedora-gcc 2.9-23 595.73 OK
r-devel-windows-ix86+x86_64 2.9-23 352.00 445.00 797.00 NOTE
r-patched-linux-x86_64 2.9-23 163.74 243.52 407.26 OK
r-patched-solaris-x86 2.9-23 547.10 OK
r-release-linux-x86_64 2.9-23 157.54 242.64 400.18 OK
r-release-windows-ix86+x86_64 2.9-23 329.00 323.00 652.00 NOTE
r-release-osx-x86_64 2.9-23 NOTE
r-oldrel-windows-ix86+x86_64 2.9-23 474.00 381.00 855.00 NOTE
r-oldrel-osx-x86_64 2.9-23 NOTE

Check Details

Version: 2.9-23
Check: installed package size
Result: NOTE
     installed size is 9.9Mb
     sub-directories of 1Mb or more:
     R 2.5Mb
     libs 6.3Mb
Flavors: r-devel-linux-x86_64-fedora-clang, r-devel-windows-ix86+x86_64, r-release-windows-ix86+x86_64, r-release-osx-x86_64, r-oldrel-windows-ix86+x86_64, r-oldrel-osx-x86_64