Last updated on 2022-07-07 14:53:26 CEST.
Flavor | Version | Tinstall | Tcheck | Ttotal | Status | Flags |
---|---|---|---|---|---|---|
r-devel-linux-x86_64-debian-clang | 3.5-21 | 235.89 | 480.02 | 715.91 | OK | |
r-devel-linux-x86_64-debian-gcc | 3.5-21 | 196.10 | 350.52 | 546.62 | OK | |
r-devel-linux-x86_64-fedora-clang | 3.5-21 | 1026.26 | NOTE | |||
r-devel-linux-x86_64-fedora-gcc | 3.5-21 | 987.38 | OK | |||
r-devel-windows-x86_64 | 3.5-21 | 379.00 | 542.00 | 921.00 | NOTE | |
r-patched-linux-x86_64 | 3.5-21 | 224.90 | 457.03 | 681.93 | OK | |
r-release-linux-x86_64 | 3.5-21 | 217.15 | 455.42 | 672.57 | OK | |
r-release-macos-arm64 | 3.5-21 | 202.00 | NOTE | |||
r-release-macos-x86_64 | 3.5-21 | 262.00 | NOTE | |||
r-release-windows-x86_64 | 3.5-21 | 331.00 | 551.00 | 882.00 | NOTE | |
r-oldrel-macos-arm64 | 3.5-21 | 185.00 | NOTE | |||
r-oldrel-macos-x86_64 | 3.5-21 | 250.00 | NOTE | |||
r-oldrel-windows-ix86+x86_64 | 3.5-21 | 362.00 | 479.00 | 841.00 | NOTE |
Version: 3.5-21
Check: installed package size
Result: NOTE
installed size is 9.2Mb
sub-directories of 1Mb or more:
R 3.1Mb
libs 5.1Mb
Flavors: r-devel-linux-x86_64-fedora-clang, r-devel-windows-x86_64, r-release-macos-arm64, r-release-macos-x86_64, r-release-windows-x86_64, r-oldrel-macos-arm64, r-oldrel-macos-x86_64, r-oldrel-windows-ix86+x86_64