CRAN Package Check Results for Package raster

Last updated on 2019-04-25 15:54:13 CEST.

Flavor Version Tinstall Tcheck Ttotal Status Flags
r-devel-linux-x86_64-debian-clang 2.8-19 131.64 256.76 388.40 OK
r-devel-linux-x86_64-debian-gcc 2.8-19 103.00 196.77 299.77 OK
r-devel-linux-x86_64-fedora-clang 2.8-19 525.31 NOTE
r-devel-linux-x86_64-fedora-gcc 2.8-19 461.08 OK
r-devel-windows-ix86+x86_64 2.8-19 346.00 496.00 842.00 NOTE
r-patched-linux-x86_64 2.8-19 128.21 256.22 384.43 OK
r-patched-solaris-x86 2.8-19 519.20 NOTE
r-release-linux-x86_64 2.8-19 119.92 245.50 365.42 OK
r-release-windows-ix86+x86_64 2.8-19 266.00 403.00 669.00 NOTE
r-release-osx-x86_64 2.8-19 NOTE
r-oldrel-windows-ix86+x86_64 2.8-19 222.00 327.00 549.00 NOTE
r-oldrel-osx-x86_64 2.8-19 NOTE

Additional issues

clang-UBSAN

Check Details

Version: 2.8-19
Check: installed package size
Result: NOTE
     installed size is 9.7Mb
     sub-directories of 1Mb or more:
     R 2.5Mb
     libs 5.6Mb
Flavors: r-devel-linux-x86_64-fedora-clang, r-devel-windows-ix86+x86_64, r-patched-solaris-x86, r-release-windows-ix86+x86_64, r-release-osx-x86_64, r-oldrel-windows-ix86+x86_64, r-oldrel-osx-x86_64