CRAN Package Check Results for Package rasterpdf

Last updated on 2022-01-21 20:48:50 CET.

Flavor Version Tinstall Tcheck Ttotal Status Flags
r-devel-linux-x86_64-debian-clang 0.1.1 1.81 31.81 33.62 NOTE
r-devel-linux-x86_64-debian-gcc 0.1.1 1.59 24.56 26.15 NOTE
r-devel-linux-x86_64-fedora-clang 0.1.1 41.32 NOTE
r-devel-linux-x86_64-fedora-gcc 0.1.1 29.93 NOTE
r-devel-windows-x86_64-new-UL 0.1.1 24.00 60.00 84.00 NOTE
r-devel-windows-x86_64-new-TK 0.1.1 NOTE
r-patched-linux-x86_64 0.1.1 1.81 30.40 32.21 NOTE
r-release-linux-x86_64 0.1.1 1.54 30.30 31.84 NOTE
r-release-macos-arm64 0.1.1 NOTE
r-release-macos-x86_64 0.1.1 NOTE
r-release-windows-ix86+x86_64 0.1.1 5.00 39.00 44.00 NOTE
r-oldrel-macos-x86_64 0.1.1 OK
r-oldrel-windows-ix86+x86_64 0.1.1 6.00 41.00 47.00 OK

Check Details

Version: 0.1.1
Check: LazyData
Result: NOTE
     'LazyData' is specified without a 'data' directory
Flavors: r-devel-linux-x86_64-debian-clang, r-devel-linux-x86_64-debian-gcc, r-devel-linux-x86_64-fedora-clang, r-devel-linux-x86_64-fedora-gcc, r-devel-windows-x86_64-new-UL, r-devel-windows-x86_64-new-TK, r-patched-linux-x86_64, r-release-linux-x86_64, r-release-macos-arm64, r-release-macos-x86_64, r-release-windows-ix86+x86_64