CRAN Package Check Results for Package rateratio.test

Last updated on 2021-05-14 11:50:56 CEST.

Flavor Version Tinstall Tcheck Ttotal Status Flags
r-devel-linux-x86_64-debian-clang 1.0-2 1.74 24.93 26.67 NOTE
r-devel-linux-x86_64-debian-gcc 1.0-2 1.34 20.13 21.47 NOTE
r-devel-linux-x86_64-fedora-clang 1.0-2 43.90 NOTE
r-devel-linux-x86_64-fedora-gcc 1.0-2 32.20 NOTE
r-devel-windows-ix86+x86_64 1.0-2 4.00 32.00 36.00 NOTE
r-devel-windows-x86_64-gcc10-UCRT 1.0-2 NOTE
r-patched-linux-x86_64 1.0-2 1.57 24.89 26.46 NOTE
r-patched-solaris-x86 1.0-2 49.40 NOTE
r-release-linux-x86_64 1.0-2 1.61 24.49 26.10 NOTE
r-release-macos-x86_64 1.0-2 NOTE
r-release-windows-ix86+x86_64 1.0-2 4.00 29.00 33.00 NOTE
r-oldrel-macos-x86_64 1.0-2 NOTE
r-oldrel-windows-ix86+x86_64 1.0-2 4.00 46.00 50.00 NOTE

Check Details

Version: 1.0-2
Check: R code for possible problems
Result: NOTE
    rateratio.test: no visible global function definition for
     'complete.cases'
    rateratio.test: no visible global function definition for 'pbinom'
    rateratio.test : p.L: no visible global function definition for 'qbeta'
    rateratio.test : p.U: no visible global function definition for 'qbeta'
    Undefined global functions or variables:
     complete.cases pbinom qbeta
    Consider adding
     importFrom("stats", "complete.cases", "pbinom", "qbeta")
    to your NAMESPACE file.
Flavors: r-devel-linux-x86_64-debian-clang, r-devel-linux-x86_64-debian-gcc, r-devel-linux-x86_64-fedora-clang, r-devel-linux-x86_64-fedora-gcc, r-devel-windows-ix86+x86_64, r-devel-windows-x86_64-gcc10-UCRT, r-patched-linux-x86_64, r-patched-solaris-x86, r-release-linux-x86_64, r-release-macos-x86_64, r-release-windows-ix86+x86_64, r-oldrel-macos-x86_64, r-oldrel-windows-ix86+x86_64