CRAN Package Check Results for Package rationalfun

Last updated on 2020-10-22 23:48:42 CEST.

Flavor Version Tinstall Tcheck Ttotal Status Flags
r-devel-linux-x86_64-debian-clang 0.1-0 1.83 21.92 23.75 NOTE
r-devel-linux-x86_64-debian-gcc 0.1-0 1.93 17.41 19.34 NOTE
r-devel-linux-x86_64-fedora-clang 0.1-0 38.23 NOTE
r-devel-linux-x86_64-fedora-gcc 0.1-0 28.43 NOTE
r-devel-windows-ix86+x86_64 0.1-0 5.00 40.00 45.00 NOTE
r-patched-linux-x86_64 0.1-0 2.29 21.00 23.29 NOTE
r-patched-solaris-x86 0.1-0 44.10 NOTE
r-release-linux-x86_64 0.1-0 2.03 21.25 23.28 NOTE
r-release-macos-x86_64 0.1-0 NOTE
r-release-windows-ix86+x86_64 0.1-0 4.00 28.00 32.00 NOTE
r-oldrel-macos-x86_64 0.1-0 NOTE
r-oldrel-windows-ix86+x86_64 0.1-0 4.00 28.00 32.00 NOTE

Check Details

Version: 0.1-0
Check: R code for possible problems
Result: NOTE
    .GCD: no visible global function definition for 'as.polynomial'
    .LCM: no visible global function definition for 'as.polynomial'
    .is_zero_polynomial: no visible global function definition for 'coef'
    .poly2expr: no visible global function definition for 'coef'
    integral.rationalfun: no visible global function definition for 'coef'
    integraterf.transcendent: no visible global function definition for
     'coef'
    rationalfun: no visible global function definition for 'polynomial'
    rationalfun.poly: no visible global function definition for
     'polynomial'
    rationalfun.poly: no visible global function definition for
     'is.polynomial'
    rfun: no visible global function definition for 'polynomial'
    rfun.poly: no visible global function definition for 'polynomial'
    rfun.poly: no visible global function definition for 'is.polynomial'
    simplify: no visible global function definition for 'coef'
    simplify: no visible global function definition for 'polynomial'
    Undefined global functions or variables:
     as.polynomial coef is.polynomial polynomial
    Consider adding
     importFrom("stats", "coef")
    to your NAMESPACE file.
Flavors: r-devel-linux-x86_64-debian-clang, r-devel-linux-x86_64-debian-gcc, r-devel-linux-x86_64-fedora-clang, r-devel-linux-x86_64-fedora-gcc, r-devel-windows-ix86+x86_64, r-patched-linux-x86_64, r-patched-solaris-x86, r-release-linux-x86_64, r-release-macos-x86_64, r-release-windows-ix86+x86_64, r-oldrel-macos-x86_64, r-oldrel-windows-ix86+x86_64