CRAN Package Check Results for Package rationalfun

Last updated on 2019-04-19 10:47:40 CEST.

Flavor Version Tinstall Tcheck Ttotal Status Flags
r-devel-linux-x86_64-debian-clang 0.1-0 1.95 19.40 21.35 NOTE
r-devel-linux-x86_64-debian-gcc 0.1-0 1.53 15.53 17.06 NOTE
r-devel-linux-x86_64-fedora-clang 0.1-0 25.33 NOTE
r-devel-linux-x86_64-fedora-gcc 0.1-0 24.56 NOTE
r-devel-windows-ix86+x86_64 0.1-0 7.00 32.00 39.00 NOTE
r-patched-linux-x86_64 0.1-0 1.71 19.29 21.00 NOTE
r-patched-solaris-x86 0.1-0 40.20 NOTE
r-release-linux-x86_64 0.1-0 1.27 17.99 19.26 NOTE
r-release-windows-ix86+x86_64 0.1-0 2.00 43.00 45.00 NOTE
r-release-osx-x86_64 0.1-0 NOTE
r-oldrel-windows-ix86+x86_64 0.1-0 3.00 43.00 46.00 NOTE
r-oldrel-osx-x86_64 0.1-0 NOTE

Check Details

Version: 0.1-0
Check: R code for possible problems
Result: NOTE
    .GCD: no visible global function definition for 'as.polynomial'
    .LCM: no visible global function definition for 'as.polynomial'
    .is_zero_polynomial: no visible global function definition for 'coef'
    .poly2expr: no visible global function definition for 'coef'
    integral.rationalfun: no visible global function definition for 'coef'
    integraterf.transcendent: no visible global function definition for
     'coef'
    rationalfun: no visible global function definition for 'polynomial'
    rationalfun.poly: no visible global function definition for
     'polynomial'
    rationalfun.poly: no visible global function definition for
     'is.polynomial'
    rfun: no visible global function definition for 'polynomial'
    rfun.poly: no visible global function definition for 'polynomial'
    rfun.poly: no visible global function definition for 'is.polynomial'
    simplify: no visible global function definition for 'coef'
    simplify: no visible global function definition for 'polynomial'
    Undefined global functions or variables:
     as.polynomial coef is.polynomial polynomial
    Consider adding
     importFrom("stats", "coef")
    to your NAMESPACE file.
Flavors: r-devel-linux-x86_64-debian-clang, r-devel-linux-x86_64-debian-gcc, r-devel-linux-x86_64-fedora-clang, r-devel-linux-x86_64-fedora-gcc, r-devel-windows-ix86+x86_64, r-patched-linux-x86_64, r-patched-solaris-x86, r-release-linux-x86_64, r-release-windows-ix86+x86_64, r-release-osx-x86_64, r-oldrel-windows-ix86+x86_64, r-oldrel-osx-x86_64