CRAN Package Check Results for Package ratios

Last updated on 2024-06-12 19:54:33 CEST.

Flavor Version Tinstall Tcheck Ttotal Status Flags
r-devel-linux-x86_64-debian-clang 1.2.0 5.32 40.50 45.82 NOTE
r-devel-linux-x86_64-debian-gcc 1.2.0 0.34 1.54 1.88 ERROR
r-devel-linux-x86_64-fedora-clang 1.2.0 58.83 NOTE
r-devel-linux-x86_64-fedora-gcc 1.2.0 54.38 NOTE
r-devel-windows-x86_64 1.2.0 5.00 50.00 55.00 NOTE
r-patched-linux-x86_64 1.2.0 6.28 40.44 46.72 NOTE
r-release-linux-x86_64 1.2.0 5.44 38.72 44.16 NOTE
r-release-macos-arm64 1.2.0 20.00 NOTE
r-release-macos-x86_64 1.2.0 29.00 NOTE
r-release-windows-x86_64 1.2.0 6.00 51.00 57.00 NOTE
r-oldrel-macos-arm64 1.2.0 21.00 NOTE
r-oldrel-macos-x86_64 1.2.0 28.00 NOTE
r-oldrel-windows-x86_64 1.2.0 7.00 55.00 62.00 NOTE

Check Details

Version: 1.2.0
Check: LazyData
Result: NOTE 'LazyData' is specified without a 'data' directory Flavors: r-devel-linux-x86_64-debian-clang, r-devel-linux-x86_64-fedora-clang, r-devel-linux-x86_64-fedora-gcc, r-devel-windows-x86_64, r-patched-linux-x86_64, r-release-linux-x86_64, r-release-macos-arm64, r-release-macos-x86_64, r-release-windows-x86_64, r-oldrel-macos-arm64, r-oldrel-macos-x86_64, r-oldrel-windows-x86_64

Version: 1.2.0
Check: package dependencies
Result: ERROR Package required but not available: ‘stringr’ See section ‘The DESCRIPTION file’ in the ‘Writing R Extensions’ manual. Flavor: r-devel-linux-x86_64-debian-gcc