CRAN Package Check Results for Package ratios

Last updated on 2021-12-08 15:50:55 CET.

Flavor Version Tinstall Tcheck Ttotal Status Flags
r-devel-linux-x86_64-debian-clang 1.2.0 4.14 41.24 45.38 NOTE
r-devel-linux-x86_64-debian-gcc 1.2.0 3.07 31.92 34.99 NOTE
r-devel-linux-x86_64-fedora-clang 1.2.0 54.98 NOTE
r-devel-linux-x86_64-fedora-gcc 1.2.0 44.01 NOTE
r-devel-windows-x86_64-new-UL 1.2.0 9.00 64.00 73.00 NOTE
r-devel-windows-x86_64-new-TK 1.2.0 NOTE
r-devel-windows-x86_64-old 1.2.0 7.00 36.00 43.00 NOTE
r-patched-linux-x86_64 1.2.0 4.76 38.77 43.53 NOTE
r-release-linux-x86_64 1.2.0 3.61 38.66 42.27 NOTE
r-release-macos-arm64 1.2.0 NOTE
r-release-macos-x86_64 1.2.0 NOTE
r-release-windows-ix86+x86_64 1.2.0 7.00 47.00 54.00 NOTE
r-oldrel-macos-x86_64 1.2.0 OK
r-oldrel-windows-ix86+x86_64 1.2.0 9.00 46.00 55.00 OK

Check Details

Version: 1.2.0
Check: LazyData
Result: NOTE
     'LazyData' is specified without a 'data' directory
Flavors: r-devel-linux-x86_64-debian-clang, r-devel-linux-x86_64-debian-gcc, r-devel-linux-x86_64-fedora-clang, r-devel-linux-x86_64-fedora-gcc, r-devel-windows-x86_64-new-UL, r-devel-windows-x86_64-new-TK, r-devel-windows-x86_64-old, r-patched-linux-x86_64, r-release-linux-x86_64, r-release-macos-arm64, r-release-macos-x86_64, r-release-windows-ix86+x86_64