Last updated on 2025-01-18 17:48:35 CET.
Flavor | Version | Tinstall | Tcheck | Ttotal | Status | Flags |
---|---|---|---|---|---|---|
r-devel-linux-x86_64-debian-clang | 0.1.0 | 8.44 | 102.32 | 110.76 | OK | |
r-devel-linux-x86_64-debian-gcc | 0.1.0 | 5.81 | 72.51 | 78.32 | OK | |
r-devel-linux-x86_64-fedora-clang | 0.1.0 | 180.69 | OK | |||
r-devel-linux-x86_64-fedora-gcc | 0.1.0 | 179.73 | OK | |||
r-devel-windows-x86_64 | 0.1.0 | 12.00 | 117.00 | 129.00 | OK | |
r-patched-linux-x86_64 | 0.1.0 | 8.93 | 95.69 | 104.62 | OK | |
r-release-linux-x86_64 | 0.1.0 | 7.70 | 94.14 | 101.84 | OK | |
r-release-macos-arm64 | 0.1.0 | 64.00 | NOTE | |||
r-release-macos-x86_64 | 0.1.0 | 101.00 | NOTE | |||
r-release-windows-x86_64 | 0.1.0 | 10.00 | 111.00 | 121.00 | NOTE | |
r-oldrel-macos-arm64 | 0.1.0 | 63.00 | NOTE | |||
r-oldrel-macos-x86_64 | 0.1.0 | 94.00 | NOTE | |||
r-oldrel-windows-x86_64 | 0.1.0 | 13.00 | 132.00 | 145.00 | NOTE |
Version: 0.1.0
Check: installed package size
Result: NOTE
installed size is 5.1Mb
sub-directories of 1Mb or more:
doc 2.6Mb
rstudio 1.6Mb
Flavors: r-release-macos-arm64, r-release-macos-x86_64, r-release-windows-x86_64, r-oldrel-macos-arm64, r-oldrel-macos-x86_64, r-oldrel-windows-x86_64