CRAN Package Check Results for Package raustats

Last updated on 2019-12-15 18:50:18 CET.

Flavor Version Tinstall Tcheck Ttotal Status Flags
r-devel-linux-x86_64-debian-clang 0.1.0 7.71 93.27 100.98 WARN
r-devel-linux-x86_64-debian-gcc 0.1.0 5.36 69.79 75.15 WARN
r-devel-linux-x86_64-fedora-clang 0.1.0 117.87 WARN
r-devel-linux-x86_64-fedora-gcc 0.1.0 123.06 WARN
r-devel-windows-ix86+x86_64 0.1.0 13.00 345.00 358.00 OK
r-devel-windows-ix86+x86_64-gcc8 0.1.0 18.00 174.00 192.00 WARN
r-patched-linux-x86_64 0.1.0 6.51 84.39 90.90 WARN
r-patched-solaris-x86 0.1.0 167.50 WARN
r-release-linux-x86_64 0.1.0 5.59 82.04 87.63 WARN
r-release-windows-ix86+x86_64 0.1.0 10.00 136.00 146.00 WARN
r-release-osx-x86_64 0.1.0 NOTE
r-oldrel-windows-ix86+x86_64 0.1.0 9.00 152.00 161.00 WARN
r-oldrel-osx-x86_64 0.1.0 NOTE

Check Details

Version: 0.1.0
Check: re-building of vignette outputs
Result: WARN
    Error(s) in re-building vignettes:
     ...
    --- re-building 'raustats_introduction.Rmd' using rmarkdown
    Loading required package: readxl
    Attaching package: 'raustats'
    Navigating to /AUSSTATS/abs@.nsf/DetailsPage/5206.0Sep%202019?OpenDocument
    Navigating to /AUSSTATS/abs@.nsf/DetailsPage/5206.0Sep%202019?OpenDocument
    Navigating to /AUSSTATS/abs@.nsf/DetailsPage/6401.0Sep%202019?OpenDocument
    Navigating to /AUSSTATS/abs@.nsf/DetailsPage/5206.0Dec%202017?OpenDocument
    Navigating to /AUSSTATS/abs@.nsf/DetailsPage/5206.0Sep%202017?OpenDocument
    Navigating to /AUSSTATS/abs@.nsf/DetailsPage/1270.0.55.001July%202016?OpenDocument
    Navigating to /AUSSTATS/abs@.nsf/DetailsPage/5206.0Sep%202019?OpenDocument
    Quitting from lines 404-407 (raustats_introduction.Rmd)
    Error: processing vignette 'raustats_introduction.Rmd' failed with diagnostics:
    argument is of length zero
    --- failed re-building 'raustats_introduction.Rmd'
    
    SUMMARY: processing the following file failed:
     'raustats_introduction.Rmd'
    
    Error: Vignette re-building failed.
    Execution halted
Flavors: r-devel-linux-x86_64-debian-clang, r-devel-linux-x86_64-debian-gcc, r-patched-linux-x86_64, r-release-linux-x86_64

Version: 0.1.0
Check: data for non-ASCII characters
Result: NOTE
     Note: found 12 marked UTF-8 strings
Flavors: r-devel-linux-x86_64-fedora-clang, r-devel-linux-x86_64-fedora-gcc, r-patched-solaris-x86, r-release-osx-x86_64, r-oldrel-osx-x86_64

Version: 0.1.0
Check: re-building of vignette outputs
Result: WARN
    Error(s) in re-building vignettes:
    --- re-building ‘raustats_introduction.Rmd’ using rmarkdown
    Loading required package: readxl
    Attaching package: 'raustats'
    Navigating to /AUSSTATS/abs@.nsf/DetailsPage/5206.0Sep%202019?OpenDocument
    Navigating to /AUSSTATS/abs@.nsf/DetailsPage/5206.0Sep%202019?OpenDocument
    Navigating to /AUSSTATS/abs@.nsf/DetailsPage/6401.0Sep%202019?OpenDocument
    Navigating to /AUSSTATS/abs@.nsf/DetailsPage/5206.0Dec%202017?OpenDocument
    Navigating to /AUSSTATS/abs@.nsf/DetailsPage/5206.0Sep%202017?OpenDocument
    Navigating to /AUSSTATS/abs@.nsf/DetailsPage/1270.0.55.001July%202016?OpenDocument
    Navigating to /AUSSTATS/abs@.nsf/DetailsPage/5206.0Sep%202019?OpenDocument
    Quitting from lines 404-407 (raustats_introduction.Rmd)
    Error: processing vignette 'raustats_introduction.Rmd' failed with diagnostics:
    argument is of length zero
    --- failed re-building ‘raustats_introduction.Rmd’
    
    SUMMARY: processing the following file failed:
     ‘raustats_introduction.Rmd’
    
    Error: Vignette re-building failed.
    Execution halted
Flavors: r-devel-linux-x86_64-fedora-clang, r-devel-linux-x86_64-fedora-gcc, r-devel-windows-ix86+x86_64-gcc8, r-release-windows-ix86+x86_64

Version: 0.1.0
Check: re-building of vignette outputs
Result: WARN
    Error(s) in re-building vignettes:
     ...
    --- re-building ‘raustats_introduction.Rmd’ using rmarkdown
    Warning in engine$weave(file, quiet = quiet, encoding = enc) :
     Pandoc (>= 1.12.3) and/or pandoc-citeproc not available. Falling back to R Markdown v1.
    Loading required package: readxl
    Attaching package: 'raustats'
    Navigating to /AUSSTATS/abs@.nsf/DetailsPage/5206.0Sep%202019?OpenDocument
    Navigating to /AUSSTATS/abs@.nsf/DetailsPage/5206.0Sep%202019?OpenDocument
    Navigating to /AUSSTATS/abs@.nsf/DetailsPage/6401.0Sep%202019?OpenDocument
    Navigating to /AUSSTATS/abs@.nsf/DetailsPage/5206.0Dec%202017?OpenDocument
    Navigating to /AUSSTATS/abs@.nsf/DetailsPage/5206.0Sep%202017?OpenDocument
    Navigating to /AUSSTATS/abs@.nsf/DetailsPage/1270.0.55.001July%202016?OpenDocument
    Navigating to /AUSSTATS/abs@.nsf/DetailsPage/5206.0Sep%202019?OpenDocument
    Quitting from lines 404-407 (raustats_introduction.Rmd)
    Error: processing vignette 'raustats_introduction.Rmd' failed with diagnostics:
    argument is of length zero
    --- failed re-building ‘raustats_introduction.Rmd’
    
    SUMMARY: processing the following file failed:
     ‘raustats_introduction.Rmd’
    
    Error: Vignette re-building failed.
    Execution halted
Flavor: r-patched-solaris-x86

Version: 0.1.0
Check: re-building of vignette outputs
Result: WARN
    Error in re-building vignettes:
     ...
    Loading required package: readxl
    Attaching package: 'raustats'
    Navigating to /AUSSTATS/abs@.nsf/DetailsPage/5206.0Sep%202019?OpenDocument
    Navigating to /AUSSTATS/abs@.nsf/DetailsPage/5206.0Sep%202019?OpenDocument
    Navigating to /AUSSTATS/abs@.nsf/DetailsPage/6401.0Sep%202019?OpenDocument
    Navigating to /AUSSTATS/abs@.nsf/DetailsPage/5206.0Dec%202017?OpenDocument
    Navigating to /AUSSTATS/abs@.nsf/DetailsPage/5206.0Sep%202017?OpenDocument
    Navigating to /AUSSTATS/abs@.nsf/DetailsPage/1270.0.55.001July%202016?OpenDocument
    Navigating to /AUSSTATS/abs@.nsf/DetailsPage/5206.0Sep%202019?OpenDocument
    Quitting from lines 404-407 (raustats_introduction.Rmd)
    Error: processing vignette 'raustats_introduction.Rmd' failed with diagnostics:
    argument is of length zero
    Execution halted
Flavor: r-oldrel-windows-ix86+x86_64