CRAN Package Check Results for Package ravelRy

Last updated on 2024-02-26 16:56:34 CET.

Flavor Version Tinstall Tcheck Ttotal Status Flags
r-devel-linux-x86_64-debian-clang 0.1.0 5.35 40.18 45.53 NOTE
r-devel-linux-x86_64-debian-gcc 0.1.0 3.17 30.65 33.82 NOTE
r-devel-linux-x86_64-fedora-clang 0.1.0 53.98 NOTE
r-devel-linux-x86_64-fedora-gcc 0.1.0 51.71 NOTE
r-devel-windows-x86_64 0.1.0 5.00 52.00 57.00 NOTE
r-patched-linux-x86_64 0.1.0 3.42 38.68 42.10 NOTE
r-release-linux-x86_64 0.1.0 3.03 38.71 41.74 NOTE
r-release-macos-arm64 0.1.0 21.00 NOTE
r-release-macos-x86_64 0.1.0 29.00 NOTE
r-release-windows-x86_64 0.1.0 6.00 56.00 62.00 NOTE
r-oldrel-macos-arm64 0.1.0 21.00 NOTE
r-oldrel-windows-x86_64 0.1.0 6.00 58.00 64.00 NOTE

Check Details

Version: 0.1.0
Check: LazyData
Result: NOTE 'LazyData' is specified without a 'data' directory Flavors: r-devel-linux-x86_64-debian-clang, r-devel-linux-x86_64-debian-gcc, r-devel-linux-x86_64-fedora-clang, r-devel-linux-x86_64-fedora-gcc, r-devel-windows-x86_64, r-patched-linux-x86_64, r-release-linux-x86_64, r-release-macos-arm64, r-release-macos-x86_64, r-release-windows-x86_64, r-oldrel-macos-arm64, r-oldrel-windows-x86_64

Version: 0.1.0
Check: dependencies in R code
Result: NOTE Namespace in Imports field not imported from: ‘tidyr’ All declared Imports should be used. Flavors: r-devel-linux-x86_64-fedora-clang, r-devel-linux-x86_64-fedora-gcc, r-oldrel-macos-arm64