CRAN Package Check Results for Package raws.profile

Last updated on 2020-02-18 01:52:05 CET.

Flavor Version Tinstall Tcheck Ttotal Status Flags
r-devel-linux-x86_64-debian-clang 0.1.0 2.04 21.60 23.64 OK
r-devel-linux-x86_64-debian-gcc 0.1.0 1.68 16.99 18.67 OK
r-devel-linux-x86_64-fedora-clang 0.1.0 29.32 NOTE
r-devel-linux-x86_64-fedora-gcc 0.1.0 28.41 NOTE
r-devel-windows-ix86+x86_64 0.1.0 7.00 32.00 39.00 OK
r-devel-windows-ix86+x86_64-gcc8 0.1.0 15.00 34.00 49.00 OK
r-patched-linux-x86_64 0.1.0 1.64 19.41 21.05 OK
r-patched-solaris-x86 0.1.0 44.10 NOTE
r-release-linux-x86_64 0.1.0 1.67 19.70 21.37 OK
r-release-windows-ix86+x86_64 0.1.0 5.00 33.00 38.00 OK
r-release-osx-x86_64 0.1.0 NOTE
r-oldrel-windows-ix86+x86_64 0.1.0 2.00 35.00 37.00 OK
r-oldrel-osx-x86_64 0.1.0 NOTE

Check Details

Version: 0.1.0
Check: dependencies in R code
Result: NOTE
    Namespace in Imports field not imported from: ‘withr’
     All declared Imports should be used.
Flavors: r-devel-linux-x86_64-fedora-clang, r-devel-linux-x86_64-fedora-gcc, r-patched-solaris-x86, r-release-osx-x86_64, r-oldrel-osx-x86_64