Last updated on 2021-03-03 12:47:12 CET.
Flavor | Version | Tinstall | Tcheck | Ttotal | Status | Flags |
---|---|---|---|---|---|---|
r-devel-linux-x86_64-debian-clang | 1.0.5 | OK | ||||
r-devel-linux-x86_64-debian-gcc | 1.0.5 | 9.50 | 107.91 | 117.41 | OK | |
r-devel-linux-x86_64-fedora-clang | 1.0.5 | 193.41 | NOTE | |||
r-devel-linux-x86_64-fedora-gcc | 1.0.5 | 186.82 | NOTE | |||
r-devel-windows-ix86+x86_64 | 1.0.5 | 27.00 | 141.00 | 168.00 | OK | |
r-patched-linux-x86_64 | 1.0.5 | 11.22 | 136.02 | 147.24 | OK | |
r-patched-solaris-x86 | 1.0.5 | 281.30 | NOTE | |||
r-release-linux-x86_64 | 1.0.5 | 10.84 | 137.35 | 148.19 | OK | |
r-release-macos-x86_64 | 1.0.5 | NOTE | ||||
r-release-windows-ix86+x86_64 | 1.0.5 | 18.00 | 136.00 | 154.00 | OK | |
r-oldrel-macos-x86_64 | 1.0.5 | NOTE | ||||
r-oldrel-windows-ix86+x86_64 | 1.0.5 | 25.00 | 171.00 | 196.00 | OK |
Version: 1.0.5
Check: data for non-ASCII characters
Result: NOTE
Note: found 8 marked UTF-8 strings
Flavors: r-devel-linux-x86_64-fedora-clang, r-devel-linux-x86_64-fedora-gcc, r-patched-solaris-x86, r-release-macos-x86_64, r-oldrel-macos-x86_64