CRAN Package Check Results for Package rbin

Last updated on 2019-05-19 22:51:50 CEST.

Flavor Version Tinstall Tcheck Ttotal Status Flags
r-devel-linux-x86_64-debian-clang 0.1.1 2.69 47.18 49.87 OK
r-devel-linux-x86_64-debian-gcc 0.1.1 2.16 37.10 39.26 OK
r-devel-linux-x86_64-fedora-clang 0.1.1 63.10 NOTE
r-devel-linux-x86_64-fedora-gcc 0.1.1 57.16 NOTE
r-devel-windows-ix86+x86_64 0.1.1 7.00 95.00 102.00 OK
r-patched-linux-x86_64 0.1.1 2.95 47.07 50.02 OK
r-patched-solaris-x86 0.1.1 99.30 NOTE
r-release-linux-x86_64 0.1.1 2.60 47.46 50.06 OK
r-release-windows-ix86+x86_64 0.1.1 13.00 84.00 97.00 OK
r-release-osx-x86_64 0.1.1 NOTE
r-oldrel-windows-ix86+x86_64 0.1.1 8.00 84.00 92.00 OK
r-oldrel-osx-x86_64 0.1.1 NOTE

Check Details

Version: 0.1.1
Check: dependencies in R code
Result: NOTE
    Namespace in Imports field not imported from: ‘utils’
     All declared Imports should be used.
Flavors: r-devel-linux-x86_64-fedora-clang, r-devel-linux-x86_64-fedora-gcc, r-patched-solaris-x86, r-release-osx-x86_64, r-oldrel-osx-x86_64