CRAN Package Check Results for Package rbin

Last updated on 2021-06-22 08:50:04 CEST.

Flavor Version Tinstall Tcheck Ttotal Status Flags
r-devel-linux-x86_64-debian-clang 0.2.0 4.71 73.64 78.35 OK
r-devel-linux-x86_64-debian-gcc 0.2.0 3.24 53.24 56.48 OK
r-devel-linux-x86_64-fedora-clang 0.2.0 101.47 OK
r-devel-linux-x86_64-fedora-gcc 0.2.0 88.10 OK
r-devel-windows-x86_64 0.2.0 6.00 77.00 83.00 OK
r-devel-windows-x86_64-gcc10-UCRT 0.2.0 NOTE
r-patched-linux-x86_64 0.2.0 3.98 67.21 71.19 OK
r-patched-solaris-x86 0.2.0 107.10 OK
r-release-linux-x86_64 0.2.0 4.29 67.03 71.32 OK
r-release-macos-arm64 0.2.0 OK
r-release-macos-x86_64 0.2.0 OK
r-release-windows-ix86+x86_64 0.2.0 9.00 89.00 98.00 OK
r-oldrel-macos-x86_64 0.2.0 OK

Check Details

Version: 0.2.0
Check: package dependencies
Result: NOTE
    Package suggested but not available for checking: 'covr'
Flavor: r-devel-windows-x86_64-gcc10-UCRT