CRAN Package Check Results for Package rbin

Last updated on 2019-03-19 10:49:01 CET.

Flavor Version Tinstall Tcheck Ttotal Status Flags
r-devel-linux-x86_64-debian-clang 0.1.1 3.35 48.38 51.73 OK
r-devel-linux-x86_64-debian-gcc 0.1.1 2.59 38.48 41.07 OK
r-devel-linux-x86_64-fedora-clang 0.1.1 63.47 NOTE
r-devel-linux-x86_64-fedora-gcc 0.1.1 63.01 NOTE
r-devel-windows-ix86+x86_64 0.1.1 9.00 62.00 71.00 OK
r-patched-linux-x86_64 0.1.1 2.53 46.57 49.10 OK
r-patched-solaris-x86 0.1.1 95.70 NOTE
r-release-linux-x86_64 0.1.1 2.29 46.84 49.13 OK
r-release-windows-ix86+x86_64 0.1.1 5.00 57.00 62.00 OK
r-release-osx-x86_64 0.1.1 NOTE
r-oldrel-windows-ix86+x86_64 0.1.1 6.00 97.00 103.00 OK
r-oldrel-osx-x86_64 0.1.1 NOTE

Check Details

Version: 0.1.1
Check: dependencies in R code
Result: NOTE
    Namespace in Imports field not imported from: ‘utils’
     All declared Imports should be used.
Flavors: r-devel-linux-x86_64-fedora-clang, r-devel-linux-x86_64-fedora-gcc, r-patched-solaris-x86, r-release-osx-x86_64, r-oldrel-osx-x86_64

Version: 0.1.1
Check: package dependencies
Result: NOTE
    Package suggested but not available for checking: ‘vdiffr’
Flavor: r-patched-solaris-x86