CRAN Package Check Results for Package rbin

Last updated on 2020-01-22 01:48:40 CET.

Flavor Version Tinstall Tcheck Ttotal Status Flags
r-devel-linux-x86_64-debian-clang 0.1.1 3.58 52.60 56.18 OK
r-devel-linux-x86_64-debian-gcc 0.1.1 3.07 40.63 43.70 OK
r-devel-linux-x86_64-fedora-clang 0.1.1 67.26 NOTE
r-devel-linux-x86_64-fedora-gcc 0.1.1 65.36 NOTE
r-devel-windows-ix86+x86_64 0.1.1 16.00 98.00 114.00 OK
r-devel-windows-ix86+x86_64-gcc8 0.1.1 14.00 72.00 86.00 OK
r-patched-linux-x86_64 0.1.1 3.32 46.60 49.92 OK
r-patched-solaris-x86 0.1.1 91.00 NOTE
r-release-linux-x86_64 0.1.1 3.16 47.62 50.78 OK
r-release-windows-ix86+x86_64 0.1.1 6.00 75.00 81.00 OK
r-release-osx-x86_64 0.1.1 NOTE
r-oldrel-windows-ix86+x86_64 0.1.1 4.00 59.00 63.00 OK
r-oldrel-osx-x86_64 0.1.1 NOTE

Check Details

Version: 0.1.1
Check: dependencies in R code
Result: NOTE
    Namespace in Imports field not imported from: ‘utils’
     All declared Imports should be used.
Flavors: r-devel-linux-x86_64-fedora-clang, r-devel-linux-x86_64-fedora-gcc, r-patched-solaris-x86, r-release-osx-x86_64, r-oldrel-osx-x86_64