CRAN Package Check Results for Package rbin

Last updated on 2019-07-17 16:47:06 CEST.

Flavor Version Tinstall Tcheck Ttotal Status Flags
r-devel-linux-x86_64-debian-clang 0.1.1 3.13 47.65 50.78 OK
r-devel-linux-x86_64-debian-gcc 0.1.1 2.24 37.60 39.84 OK
r-devel-linux-x86_64-fedora-clang 0.1.1 59.28 NOTE
r-devel-linux-x86_64-fedora-gcc 0.1.1 57.14 NOTE
r-devel-windows-ix86+x86_64 0.1.1 8.00 89.00 97.00 OK
r-patched-linux-x86_64 0.1.1 3.09 46.88 49.97 OK
r-patched-solaris-x86 0.1.1 93.70 NOTE
r-release-linux-x86_64 0.1.1 2.88 46.21 49.09 OK
r-release-windows-ix86+x86_64 0.1.1 9.00 69.00 78.00 OK
r-release-osx-x86_64 0.1.1 NOTE
r-oldrel-windows-ix86+x86_64 0.1.1 5.00 96.00 101.00 OK
r-oldrel-osx-x86_64 0.1.1 NOTE

Check Details

Version: 0.1.1
Check: dependencies in R code
Result: NOTE
    Namespace in Imports field not imported from: ‘utils’
     All declared Imports should be used.
Flavors: r-devel-linux-x86_64-fedora-clang, r-devel-linux-x86_64-fedora-gcc, r-patched-solaris-x86, r-release-osx-x86_64, r-oldrel-osx-x86_64