CRAN Package Check Results for Package rbin

Last updated on 2019-01-20 03:47:06 CET.

Flavor Version Tinstall Tcheck Ttotal Status Flags
r-devel-linux-x86_64-debian-clang 0.1.1 2.67 50.58 53.25 OK
r-devel-linux-x86_64-debian-gcc 0.1.1 2.07 39.33 41.40 OK
r-devel-linux-x86_64-fedora-clang 0.1.1 65.42 NOTE
r-devel-linux-x86_64-fedora-gcc 0.1.1 61.17 NOTE
r-devel-windows-ix86+x86_64 0.1.1 8.00 94.00 102.00 OK
r-patched-linux-x86_64 0.1.1 2.29 46.70 48.99 OK
r-patched-solaris-x86 0.1.1 86.70 NOTE
r-release-linux-x86_64 0.1.1 2.18 46.68 48.86 OK
r-release-windows-ix86+x86_64 0.1.1 9.00 86.00 95.00 OK
r-release-osx-x86_64 0.1.1 NOTE
r-oldrel-windows-ix86+x86_64 0.1.1 7.00 63.00 70.00 OK

Check Details

Version: 0.1.1
Check: dependencies in R code
Result: NOTE
    Namespace in Imports field not imported from: ‘utils’
     All declared Imports should be used.
Flavors: r-devel-linux-x86_64-fedora-clang, r-devel-linux-x86_64-fedora-gcc, r-patched-solaris-x86, r-release-osx-x86_64