CRAN Package Check Results for Package rbin

Last updated on 2019-09-23 15:47:14 CEST.

Flavor Version Tinstall Tcheck Ttotal Status Flags
r-devel-linux-x86_64-debian-clang 0.1.1 3.55 47.32 50.87 OK
r-devel-linux-x86_64-debian-gcc 0.1.1 2.81 37.28 40.09 OK
r-devel-linux-x86_64-fedora-clang 0.1.1 59.49 NOTE
r-devel-linux-x86_64-fedora-gcc 0.1.1 59.38 NOTE
r-devel-windows-ix86+x86_64 0.1.1 17.00 92.00 109.00 OK
r-patched-linux-x86_64 0.1.1 3.16 45.65 48.81 OK
r-patched-solaris-x86 0.1.1 88.30 NOTE
r-release-linux-x86_64 0.1.1 3.13 45.68 48.81 OK
r-release-windows-ix86+x86_64 0.1.1 10.00 90.00 100.00 OK
r-release-osx-x86_64 0.1.1 NOTE
r-oldrel-windows-ix86+x86_64 0.1.1 5.00 60.00 65.00 OK
r-oldrel-osx-x86_64 0.1.1 NOTE

Check Details

Version: 0.1.1
Check: dependencies in R code
Result: NOTE
    Namespace in Imports field not imported from: ‘utils’
     All declared Imports should be used.
Flavors: r-devel-linux-x86_64-fedora-clang, r-devel-linux-x86_64-fedora-gcc, r-patched-solaris-x86, r-release-osx-x86_64, r-oldrel-osx-x86_64