CRAN Package Check Results for Package rbounds

Last updated on 2019-08-17 19:48:36 CEST.

Flavor Version Tinstall Tcheck Ttotal Status Flags
r-devel-linux-x86_64-debian-clang 2.1 2.70 30.95 33.65 NOTE
r-devel-linux-x86_64-debian-gcc 2.1 2.10 23.45 25.55 NOTE
r-devel-linux-x86_64-fedora-clang 2.1 39.19 NOTE
r-devel-linux-x86_64-fedora-gcc 2.1 38.98 NOTE
r-devel-windows-ix86+x86_64 2.1 10.00 46.00 56.00 NOTE
r-patched-linux-x86_64 2.1 2.14 30.25 32.39 NOTE
r-patched-solaris-x86 2.1 63.90 NOTE
r-release-linux-x86_64 2.1 2.17 30.47 32.64 NOTE
r-release-windows-ix86+x86_64 2.1 11.00 52.00 63.00 NOTE
r-release-osx-x86_64 2.1 NOTE
r-oldrel-windows-ix86+x86_64 2.1 6.00 58.00 64.00 NOTE
r-oldrel-osx-x86_64 2.1 NOTE

Check Details

Version: 2.1
Check: DESCRIPTION meta-information
Result: NOTE
    Malformed Title field: should not end in a period.
Flavors: r-devel-linux-x86_64-debian-clang, r-devel-linux-x86_64-debian-gcc, r-devel-linux-x86_64-fedora-clang, r-devel-linux-x86_64-fedora-gcc, r-devel-windows-ix86+x86_64, r-patched-linux-x86_64, r-patched-solaris-x86, r-release-linux-x86_64, r-release-windows-ix86+x86_64, r-release-osx-x86_64, r-oldrel-windows-ix86+x86_64, r-oldrel-osx-x86_64

Version: 2.1
Check: R code for possible problems
Result: NOTE
    SumTestSens: no visible global function definition for 'pnorm'
    binarysens: no visible global function definition for 'dbinom'
    hlsens: no visible global function definition for 'wilcox.test'
    iv_sens: no visible global function definition for 'pnorm'
    mcontrol: no visible global function definition for 'pnorm'
    psens: no visible global function definition for 'pnorm'
    Undefined global functions or variables:
     dbinom pnorm wilcox.test
    Consider adding
     importFrom("stats", "dbinom", "pnorm", "wilcox.test")
    to your NAMESPACE file.
Flavors: r-devel-linux-x86_64-debian-clang, r-devel-linux-x86_64-debian-gcc, r-devel-linux-x86_64-fedora-clang, r-devel-linux-x86_64-fedora-gcc, r-devel-windows-ix86+x86_64, r-patched-linux-x86_64, r-patched-solaris-x86, r-release-linux-x86_64, r-release-windows-ix86+x86_64, r-release-osx-x86_64, r-oldrel-windows-ix86+x86_64, r-oldrel-osx-x86_64