CRAN Package Check Results for Package rbounds

Last updated on 2019-04-25 09:50:34 CEST.

Flavor Version Tinstall Tcheck Ttotal Status Flags
r-devel-linux-x86_64-debian-clang 2.1 2.28 30.87 33.15 NOTE
r-devel-linux-x86_64-debian-gcc 2.1 2.01 23.78 25.79 NOTE
r-devel-linux-x86_64-fedora-clang 2.1 39.57 NOTE
r-devel-linux-x86_64-fedora-gcc 2.1 36.66 NOTE
r-devel-windows-ix86+x86_64 2.1 7.00 40.00 47.00 NOTE
r-patched-linux-x86_64 2.1 2.12 29.55 31.67 NOTE
r-patched-solaris-x86 2.1 59.60 NOTE
r-release-linux-x86_64 2.1 1.51 28.47 29.98 NOTE
r-release-windows-ix86+x86_64 2.1 4.00 57.00 61.00 NOTE
r-release-osx-x86_64 2.1 NOTE
r-oldrel-windows-ix86+x86_64 2.1 3.00 54.00 57.00 NOTE
r-oldrel-osx-x86_64 2.1 NOTE

Check Details

Version: 2.1
Check: DESCRIPTION meta-information
Result: NOTE
    Malformed Title field: should not end in a period.
Flavors: r-devel-linux-x86_64-debian-clang, r-devel-linux-x86_64-debian-gcc, r-devel-linux-x86_64-fedora-clang, r-devel-linux-x86_64-fedora-gcc, r-devel-windows-ix86+x86_64, r-patched-linux-x86_64, r-patched-solaris-x86, r-release-linux-x86_64, r-release-windows-ix86+x86_64, r-release-osx-x86_64, r-oldrel-windows-ix86+x86_64, r-oldrel-osx-x86_64

Version: 2.1
Check: R code for possible problems
Result: NOTE
    SumTestSens: no visible global function definition for 'pnorm'
    binarysens: no visible global function definition for 'dbinom'
    hlsens: no visible global function definition for 'wilcox.test'
    iv_sens: no visible global function definition for 'pnorm'
    mcontrol: no visible global function definition for 'pnorm'
    psens: no visible global function definition for 'pnorm'
    Undefined global functions or variables:
     dbinom pnorm wilcox.test
    Consider adding
     importFrom("stats", "dbinom", "pnorm", "wilcox.test")
    to your NAMESPACE file.
Flavors: r-devel-linux-x86_64-debian-clang, r-devel-linux-x86_64-debian-gcc, r-devel-linux-x86_64-fedora-clang, r-devel-linux-x86_64-fedora-gcc, r-devel-windows-ix86+x86_64, r-patched-linux-x86_64, r-patched-solaris-x86, r-release-linux-x86_64, r-release-windows-ix86+x86_64, r-release-osx-x86_64, r-oldrel-windows-ix86+x86_64, r-oldrel-osx-x86_64