CRAN Package Check Results for Package rbounds

Last updated on 2021-06-13 22:48:29 CEST.

Flavor Version Tinstall Tcheck Ttotal Status Flags
r-devel-linux-x86_64-debian-clang 2.1 2.59 34.96 37.55 NOTE
r-devel-linux-x86_64-debian-gcc 2.1 2.33 26.86 29.19 NOTE
r-devel-linux-x86_64-fedora-clang 2.1 54.74 NOTE
r-devel-linux-x86_64-fedora-gcc 2.1 44.36 NOTE
r-devel-windows-x86_64 2.1 4.00 44.00 48.00 NOTE
r-devel-windows-x86_64-gcc10-UCRT 2.1 NOTE
r-patched-linux-x86_64 2.1 3.19 33.79 36.98 NOTE
r-patched-solaris-x86 2.1 71.50 NOTE
r-release-linux-x86_64 2.1 2.30 34.28 36.58 NOTE
r-release-macos-arm64 2.1 NOTE
r-release-macos-x86_64 2.1 NOTE
r-release-windows-ix86+x86_64 2.1 5.00 52.00 57.00 NOTE
r-oldrel-macos-x86_64 2.1 NOTE
r-oldrel-windows-ix86+x86_64 2.1 5.00 54.00 59.00 NOTE

Check Details

Version: 2.1
Check: DESCRIPTION meta-information
Result: NOTE
    Malformed Title field: should not end in a period.
Flavors: r-devel-linux-x86_64-debian-clang, r-devel-linux-x86_64-debian-gcc, r-devel-linux-x86_64-fedora-clang, r-devel-linux-x86_64-fedora-gcc, r-devel-windows-x86_64, r-devel-windows-x86_64-gcc10-UCRT, r-patched-linux-x86_64, r-patched-solaris-x86, r-release-linux-x86_64, r-release-macos-arm64, r-release-macos-x86_64, r-release-windows-ix86+x86_64, r-oldrel-macos-x86_64, r-oldrel-windows-ix86+x86_64

Version: 2.1
Check: R code for possible problems
Result: NOTE
    SumTestSens: no visible global function definition for 'pnorm'
    binarysens: no visible global function definition for 'dbinom'
    hlsens: no visible global function definition for 'wilcox.test'
    iv_sens: no visible global function definition for 'pnorm'
    mcontrol: no visible global function definition for 'pnorm'
    psens: no visible global function definition for 'pnorm'
    Undefined global functions or variables:
     dbinom pnorm wilcox.test
    Consider adding
     importFrom("stats", "dbinom", "pnorm", "wilcox.test")
    to your NAMESPACE file.
Flavors: r-devel-linux-x86_64-debian-clang, r-devel-linux-x86_64-debian-gcc, r-devel-linux-x86_64-fedora-clang, r-devel-linux-x86_64-fedora-gcc, r-devel-windows-x86_64, r-devel-windows-x86_64-gcc10-UCRT, r-patched-linux-x86_64, r-patched-solaris-x86, r-release-linux-x86_64, r-release-macos-arm64, r-release-macos-x86_64, r-release-windows-ix86+x86_64, r-oldrel-macos-x86_64, r-oldrel-windows-ix86+x86_64