CRAN Package Check Results for Package rbridge

Last updated on 2023-09-22 09:56:05 CEST.

Flavor Version Tinstall Tcheck Ttotal Status Flags
r-devel-linux-x86_64-debian-clang 1.0.2 46.09 78.03 124.12 NOTE
r-devel-linux-x86_64-debian-gcc 1.0.2 33.00 59.42 92.42 NOTE
r-devel-linux-x86_64-fedora-clang 1.0.2 172.95 NOTE
r-devel-linux-x86_64-fedora-gcc 1.0.2 164.62 NOTE
r-devel-windows-x86_64 1.0.2 38.00 94.00 132.00 NOTE
r-patched-linux-x86_64 1.0.2 47.63 75.18 122.81 NOTE
r-release-linux-x86_64 1.0.2 43.66 76.57 120.23 NOTE
r-release-macos-arm64 1.0.2 49.00 NOTE
r-release-macos-x86_64 1.0.2 78.00 NOTE
r-release-windows-x86_64 1.0.2 48.00 112.00 160.00 NOTE
r-oldrel-macos-arm64 1.0.2 44.00 NOTE
r-oldrel-macos-x86_64 1.0.2 78.00 NOTE
r-oldrel-windows-x86_64 1.0.2 47.00 108.00 155.00 OK

Check Details

Version: 1.0.2
Check: C++ specification
Result: NOTE
     Specified C++11: please drop specification unless essential
Flavors: r-devel-linux-x86_64-debian-clang, r-devel-linux-x86_64-debian-gcc, r-devel-linux-x86_64-fedora-clang, r-devel-linux-x86_64-fedora-gcc, r-devel-windows-x86_64, r-patched-linux-x86_64, r-release-linux-x86_64, r-release-macos-arm64, r-release-macos-x86_64, r-release-windows-x86_64

Version: 1.0.2
Check: dependencies in R code
Result: NOTE
    Namespace in Imports field not imported from: ‘dplyr’
     All declared Imports should be used.
Flavors: r-devel-linux-x86_64-fedora-clang, r-devel-linux-x86_64-fedora-gcc, r-oldrel-macos-arm64, r-oldrel-macos-x86_64