CRAN Package Check Results for Package rbtc

Last updated on 2021-10-25 22:56:19 CEST.

Flavor Version Tinstall Tcheck Ttotal Status Flags
r-devel-linux-x86_64-debian-clang 0.1-6 5.41 37.28 42.69 NOTE
r-devel-linux-x86_64-debian-gcc 0.1-6 4.81 29.26 34.07 NOTE
r-devel-linux-x86_64-fedora-clang 0.1-6 64.34 NOTE
r-devel-linux-x86_64-fedora-gcc 0.1-6 53.38 NOTE
r-devel-windows-x86_64 0.1-6 13.00 47.00 60.00 NOTE
r-devel-windows-x86_64-gcc10-UCRT 0.1-6 NOTE
r-patched-linux-x86_64 0.1-6 8.96 36.23 45.19 NOTE
r-patched-solaris-x86 0.1-6 76.40 NOTE
r-release-linux-x86_64 0.1-6 6.01 36.17 42.18 NOTE
r-release-macos-arm64 0.1-6 NOTE
r-release-macos-x86_64 0.1-6 NOTE
r-release-windows-ix86+x86_64 0.1-6 9.00 62.00 71.00 NOTE
r-oldrel-macos-x86_64 0.1-6 OK
r-oldrel-windows-ix86+x86_64 0.1-6 15.00 65.00 80.00 OK

Check Details

Version: 0.1-6
Check: LazyData
Result: NOTE
     'LazyData' is specified without a 'data' directory
Flavors: r-devel-linux-x86_64-debian-clang, r-devel-linux-x86_64-debian-gcc, r-devel-linux-x86_64-fedora-clang, r-devel-linux-x86_64-fedora-gcc, r-devel-windows-x86_64, r-devel-windows-x86_64-gcc10-UCRT, r-patched-linux-x86_64, r-patched-solaris-x86, r-release-linux-x86_64, r-release-macos-arm64, r-release-macos-x86_64, r-release-windows-ix86+x86_64