CRAN Package Check Results for Package rbtc

Last updated on 2021-06-13 13:49:03 CEST.

Flavor Version Tinstall Tcheck Ttotal Status Flags
r-devel-linux-x86_64-debian-clang 0.1-6 6.26 39.45 45.71 NOTE
r-devel-linux-x86_64-debian-gcc 0.1-6 4.35 30.70 35.05 NOTE
r-devel-linux-x86_64-fedora-clang 0.1-6 63.71 NOTE
r-devel-linux-x86_64-fedora-gcc 0.1-6 53.71 NOTE
r-devel-windows-x86_64 0.1-6 13.00 63.00 76.00 NOTE
r-devel-windows-x86_64-gcc10-UCRT 0.1-6 NOTE
r-patched-linux-x86_64 0.1-6 8.01 37.94 45.95 NOTE
r-patched-solaris-x86 0.1-6 78.30 NOTE
r-release-linux-x86_64 0.1-6 5.36 38.15 43.51 NOTE
r-release-macos-arm64 0.1-6 NOTE
r-release-macos-x86_64 0.1-6 NOTE
r-release-windows-ix86+x86_64 0.1-6 12.00 63.00 75.00 NOTE
r-oldrel-macos-x86_64 0.1-6 OK
r-oldrel-windows-ix86+x86_64 0.1-6 29.00 60.00 89.00 OK

Check Details

Version: 0.1-6
Check: LazyData
Result: NOTE
     'LazyData' is specified without a 'data' directory
Flavors: r-devel-linux-x86_64-debian-clang, r-devel-linux-x86_64-debian-gcc, r-devel-linux-x86_64-fedora-clang, r-devel-linux-x86_64-fedora-gcc, r-devel-windows-x86_64, r-devel-windows-x86_64-gcc10-UCRT, r-patched-linux-x86_64, r-patched-solaris-x86, r-release-linux-x86_64, r-release-macos-arm64, r-release-macos-x86_64, r-release-windows-ix86+x86_64