CRAN Package Check Results for Package rcage

Last updated on 2021-09-27 13:48:40 CEST.

Flavor Version Tinstall Tcheck Ttotal Status Flags
r-devel-linux-x86_64-debian-clang 1.1 23.28 221.78 245.06 OK
r-devel-linux-x86_64-debian-gcc 1.1 19.75 163.43 183.18 OK
r-devel-linux-x86_64-fedora-clang 1.1 299.97 OK
r-devel-linux-x86_64-fedora-gcc 1.1 290.13 OK
r-devel-windows-x86_64 1.1 26.00 192.00 218.00 WARN
r-devel-windows-x86_64-gcc10-UCRT 1.1 WARN
r-patched-linux-x86_64 1.1 24.89 206.45 231.34 OK
r-patched-solaris-x86 1.1 398.30 OK
r-release-linux-x86_64 1.1 22.57 206.51 229.08 OK
r-release-macos-arm64 1.1 OK
r-release-macos-x86_64 1.1 OK
r-release-windows-ix86+x86_64 1.1 54.00 192.00 246.00 OK
r-oldrel-macos-x86_64 1.1 OK
r-oldrel-windows-ix86+x86_64 1.1 42.00 189.00 231.00 OK

Check Details

Version: 1.1
Check: whether package can be installed
Result: WARN
    Found the following significant warnings:
     Warning: 'memory.limit()' is no longer supported
Flavors: r-devel-windows-x86_64, r-devel-windows-x86_64-gcc10-UCRT