CRAN Package Check Results for Package rcane

Last updated on 2021-08-04 00:49:23 CEST.

Flavor Version Tinstall Tcheck Ttotal Status Flags
r-devel-linux-x86_64-debian-clang 1.0 2.39 109.78 112.17 NOTE
r-devel-linux-x86_64-debian-gcc 1.0 1.58 71.52 73.10 NOTE
r-devel-linux-x86_64-fedora-clang 1.0 132.11 OK
r-devel-linux-x86_64-fedora-gcc 1.0 121.43 OK
r-devel-windows-x86_64 1.0 4.00 138.00 142.00 NOTE
r-devel-windows-x86_64-gcc10-UCRT 1.0 OK
r-patched-linux-x86_64 1.0 1.94 101.97 103.91 NOTE
r-patched-solaris-x86 1.0 163.80 OK
r-release-linux-x86_64 1.0 1.76 100.44 102.20 NOTE
r-release-macos-arm64 1.0 OK
r-release-macos-x86_64 1.0 OK
r-release-windows-ix86+x86_64 1.0 7.00 126.00 133.00 NOTE
r-oldrel-macos-x86_64 1.0 OK
r-oldrel-windows-ix86+x86_64 1.0 6.00 125.00 131.00 NOTE

Check Details

Version: 1.0
Check: package vignettes
Result: NOTE
    Package vignette with placeholder title 'Vignette Title':
     'rcane.Rmd'
Flavors: r-devel-linux-x86_64-debian-clang, r-devel-linux-x86_64-debian-gcc, r-devel-windows-x86_64, r-patched-linux-x86_64, r-release-linux-x86_64, r-release-windows-ix86+x86_64, r-oldrel-windows-ix86+x86_64