CRAN Package Check Results for Package rcane

Last updated on 2021-10-15 21:51:37 CEST.

Flavor Version Tinstall Tcheck Ttotal Status Flags
r-devel-linux-x86_64-debian-clang 1.0 2.27 110.44 112.71 NOTE
r-devel-linux-x86_64-debian-gcc 1.0 1.58 70.84 72.42 NOTE
r-devel-linux-x86_64-fedora-clang 1.0 132.86 OK
r-devel-linux-x86_64-fedora-gcc 1.0 121.27 OK
r-devel-windows-x86_64 1.0 4.00 98.00 102.00 NOTE
r-devel-windows-x86_64-gcc10-UCRT 1.0 OK
r-patched-linux-x86_64 1.0 2.25 100.59 102.84 NOTE
r-patched-solaris-x86 1.0 158.80 OK
r-release-linux-x86_64 1.0 1.97 100.64 102.61 NOTE
r-release-macos-arm64 1.0 OK
r-release-macos-x86_64 1.0 OK
r-release-windows-ix86+x86_64 1.0 6.00 131.00 137.00 NOTE
r-oldrel-macos-x86_64 1.0 OK
r-oldrel-windows-ix86+x86_64 1.0 6.00 131.00 137.00 NOTE

Check Details

Version: 1.0
Check: package vignettes
Result: NOTE
    Package vignette with placeholder title 'Vignette Title':
     'rcane.Rmd'
Flavors: r-devel-linux-x86_64-debian-clang, r-devel-linux-x86_64-debian-gcc, r-devel-windows-x86_64, r-patched-linux-x86_64, r-release-linux-x86_64, r-release-windows-ix86+x86_64, r-oldrel-windows-ix86+x86_64