CRAN Package Check Results for Package rcanvec

Last updated on 2022-11-27 11:55:57 CET.

Flavor Version Tinstall Tcheck Ttotal Status Flags
r-devel-linux-x86_64-debian-clang 0.2.1 4.83 40.26 45.09 NOTE
r-devel-linux-x86_64-debian-gcc 0.2.1 3.06 30.87 33.93 NOTE
r-devel-linux-x86_64-fedora-clang 0.2.1 65.90 NOTE
r-devel-linux-x86_64-fedora-gcc 0.2.1 62.67 NOTE
r-devel-windows-x86_64 0.2.1 19.00 69.00 88.00 OK
r-patched-linux-x86_64 0.2.1 4.05 37.30 41.35 NOTE
r-release-linux-x86_64 0.2.1 3.57 38.10 41.67 NOTE
r-release-macos-arm64 0.2.1 20.00 OK
r-release-macos-x86_64 0.2.1 27.00 OK
r-release-windows-x86_64 0.2.1 20.00 70.00 90.00 OK
r-oldrel-macos-arm64 0.2.1 26.00 OK
r-oldrel-macos-x86_64 0.2.1 34.00 OK
r-oldrel-windows-ix86+x86_64 0.2.1 9.00 65.00 74.00 OK

Additional issues

donttest

Check Details

Version: 0.2.1
Check: for non-standard things in the check directory
Result: NOTE
    Found the following files/directories:
     'rcanvec.cache'
Flavors: r-devel-linux-x86_64-debian-clang, r-devel-linux-x86_64-debian-gcc, r-devel-linux-x86_64-fedora-clang, r-devel-linux-x86_64-fedora-gcc, r-patched-linux-x86_64, r-release-linux-x86_64