Last updated on 2022-06-28 10:49:16 CEST.
Flavor | Version | Tinstall | Tcheck | Ttotal | Status | Flags |
---|---|---|---|---|---|---|
r-devel-linux-x86_64-debian-clang | 0.2.1 | 4.39 | 38.03 | 42.42 | NOTE | |
r-devel-linux-x86_64-debian-gcc | 0.2.1 | 3.07 | 30.05 | 33.12 | NOTE | |
r-devel-linux-x86_64-fedora-clang | 0.2.1 | 61.62 | NOTE | |||
r-devel-linux-x86_64-fedora-gcc | 0.2.1 | 62.15 | NOTE | |||
r-devel-windows-x86_64 | 0.2.1 | 25.00 | 63.00 | 88.00 | OK | |
r-patched-linux-x86_64 | 0.2.1 | 4.43 | 36.64 | 41.07 | NOTE | |
r-release-linux-x86_64 | 0.2.1 | 3.10 | 36.92 | 40.02 | NOTE | |
r-release-macos-arm64 | 0.2.1 | 20.00 | OK | |||
r-release-macos-x86_64 | 0.2.1 | 27.00 | OK | |||
r-release-windows-x86_64 | 0.2.1 | 33.00 | 65.00 | 98.00 | OK | |
r-oldrel-macos-arm64 | 0.2.1 | 26.00 | OK | |||
r-oldrel-macos-x86_64 | 0.2.1 | 34.00 | OK | |||
r-oldrel-windows-ix86+x86_64 | 0.2.1 | 9.00 | 57.00 | 66.00 | OK |
Version: 0.2.1
Check: for non-standard things in the check directory
Result: NOTE
Found the following files/directories:
'rcanvec.cache'
Flavors: r-devel-linux-x86_64-debian-clang, r-devel-linux-x86_64-debian-gcc, r-devel-linux-x86_64-fedora-clang, r-devel-linux-x86_64-fedora-gcc, r-patched-linux-x86_64, r-release-linux-x86_64