CRAN Package Check Results for Package rcanvec

Last updated on 2021-06-24 22:54:37 CEST.

Flavor Version Tinstall Tcheck Ttotal Status Flags
r-devel-linux-x86_64-debian-clang 0.2.1 4.34 36.58 40.92 NOTE
r-devel-linux-x86_64-debian-gcc 0.2.1 3.29 29.07 32.36 NOTE
r-devel-linux-x86_64-fedora-clang 0.2.1 58.36 NOTE
r-devel-linux-x86_64-fedora-gcc 0.2.1 48.32 NOTE
r-devel-windows-x86_64 0.2.1 6.00 44.00 50.00 OK
r-devel-windows-x86_64-gcc10-UCRT 0.2.1 OK
r-patched-linux-x86_64 0.2.1 4.10 35.91 40.01 NOTE
r-patched-solaris-x86 0.2.1 74.10 NOTE
r-release-linux-x86_64 0.2.1 4.05 35.72 39.77 NOTE
r-release-macos-arm64 0.2.1 OK
r-release-macos-x86_64 0.2.1 OK
r-release-windows-ix86+x86_64 0.2.1 9.00 37.00 46.00 OK
r-oldrel-macos-x86_64 0.2.1 OK
r-oldrel-windows-ix86+x86_64 0.2.1 9.00 68.00 77.00 OK

Check Details

Version: 0.2.1
Check: for non-standard things in the check directory
Result: NOTE
    Found the following files/directories:
     'rcanvec.cache'
Flavors: r-devel-linux-x86_64-debian-clang, r-devel-linux-x86_64-debian-gcc, r-devel-linux-x86_64-fedora-clang, r-devel-linux-x86_64-fedora-gcc, r-patched-linux-x86_64, r-patched-solaris-x86, r-release-linux-x86_64