CRAN Package Check Results for Package rcanvec

Last updated on 2021-11-27 11:52:53 CET.

Flavor Version Tinstall Tcheck Ttotal Status Flags
r-devel-linux-x86_64-debian-clang 0.2.1 NOTE
r-devel-linux-x86_64-debian-gcc 0.2.1 2.97 28.24 31.21 NOTE
r-devel-linux-x86_64-fedora-clang 0.2.1 58.88 NOTE
r-devel-linux-x86_64-fedora-gcc 0.2.1 49.17 NOTE
r-devel-windows-x86_64-new-UL 0.2.1 11.00 74.00 85.00 OK
r-devel-windows-x86_64-new-TK 0.2.1 OK
r-devel-windows-x86_64-old 0.2.1 6.00 57.00 63.00 OK
r-patched-linux-x86_64 0.2.1 4.39 35.17 39.56 NOTE
r-patched-solaris-x86 0.2.1 74.20 NOTE
r-release-linux-x86_64 0.2.1 NOTE
r-release-macos-arm64 0.2.1 OK
r-release-macos-x86_64 0.2.1 OK
r-release-windows-ix86+x86_64 0.2.1 8.00 44.00 52.00 OK
r-oldrel-macos-x86_64 0.2.1 OK
r-oldrel-windows-ix86+x86_64 0.2.1 7.00 54.00 61.00 OK

Check Details

Version: 0.2.1
Check: for non-standard things in the check directory
Result: NOTE
    Found the following files/directories:
     'rcanvec.cache'
Flavors: r-devel-linux-x86_64-debian-clang, r-devel-linux-x86_64-debian-gcc, r-devel-linux-x86_64-fedora-clang, r-devel-linux-x86_64-fedora-gcc, r-patched-linux-x86_64, r-patched-solaris-x86, r-release-linux-x86_64