CRAN Package Check Results for Package rcartocolor

Last updated on 2019-05-27 09:50:30 CEST.

Flavor Version Tinstall Tcheck Ttotal Status Flags
r-devel-linux-x86_64-debian-clang 2.0.0 3.36 36.13 39.49 OK
r-devel-linux-x86_64-debian-gcc 2.0.0 2.63 28.81 31.44 OK
r-devel-linux-x86_64-fedora-clang 2.0.0 47.02 OK
r-devel-linux-x86_64-fedora-gcc 2.0.0 44.14 OK
r-devel-windows-ix86+x86_64 2.0.0 10.00 72.00 82.00 OK
r-patched-linux-x86_64 2.0.0 OK
r-patched-solaris-x86 2.0.0 71.50 OK
r-release-linux-x86_64 2.0.0 2.86 35.28 38.14 NOTE
r-release-windows-ix86+x86_64 2.0.0 16.00 52.00 68.00 OK
r-release-osx-x86_64 2.0.0 OK
r-oldrel-windows-ix86+x86_64 2.0.0 9.00 50.00 59.00 OK
r-oldrel-osx-x86_64 2.0.0 OK

Check Details

Version: 2.0.0
Check: package dependencies
Result: NOTE
    Package suggested but not available for checking: ‘vdiffr’
Flavor: r-release-linux-x86_64