CRAN Package Check Results for Package rcdklibs

Last updated on 2024-02-28 18:50:44 CET.

Flavor Version Tinstall Tcheck Ttotal Status Flags
r-devel-linux-x86_64-debian-clang 2.8 6.66 41.50 48.16 OK
r-devel-linux-x86_64-debian-gcc 2.8 5.19 31.65 36.84 OK
r-devel-linux-x86_64-fedora-clang 2.8 55.54 NOTE
r-devel-linux-x86_64-fedora-gcc 2.8 57.24 OK
r-devel-windows-x86_64 2.8 7.00 50.00 57.00 NOTE
r-patched-linux-x86_64 2.8 7.07 40.71 47.78 OK
r-release-linux-x86_64 2.8 5.90 40.61 46.51 OK
r-release-macos-arm64 2.8 21.00 NOTE
r-release-macos-x86_64 2.8 33.00 NOTE
r-release-windows-x86_64 2.8 8.00 55.00 63.00 NOTE
r-oldrel-macos-arm64 2.8 24.00 NOTE
r-oldrel-windows-x86_64 2.8 8.00 58.00 66.00 NOTE

Check Details

Version: 2.8
Check: installed package size
Result: NOTE installed size is 24.4Mb sub-directories of 1Mb or more: cont 24.3Mb Flavors: r-devel-linux-x86_64-fedora-clang, r-devel-windows-x86_64, r-release-macos-arm64, r-release-macos-x86_64, r-release-windows-x86_64, r-oldrel-macos-arm64, r-oldrel-windows-x86_64