CRAN Package Check Results for Package rcdklibs

Last updated on 2022-05-21 22:58:23 CEST.

Flavor Version Tinstall Tcheck Ttotal Status Flags
r-devel-linux-x86_64-debian-clang 2.3 5.98 47.68 53.66 OK
r-devel-linux-x86_64-debian-gcc 2.3 4.54 35.64 40.18 OK
r-devel-linux-x86_64-fedora-clang 2.3 59.85 NOTE
r-devel-linux-x86_64-fedora-gcc 2.3 59.56 OK
r-devel-windows-x86_64 2.3 15.00 58.00 73.00 NOTE
r-patched-linux-x86_64 2.3 6.50 45.88 52.38 OK
r-release-linux-x86_64 2.3 5.78 44.76 50.54 OK
r-release-macos-arm64 2.3 20.00 NOTE
r-release-macos-x86_64 2.3 30.00 NOTE
r-release-windows-x86_64 2.3 10.00 62.00 72.00 NOTE
r-oldrel-macos-arm64 2.3 30.00 NOTE
r-oldrel-macos-x86_64 2.3 43.00 NOTE
r-oldrel-windows-ix86+x86_64 2.3 12.00 42.00 54.00 NOTE

Check Details

Version: 2.3
Check: installed package size
Result: NOTE
     installed size is 25.9Mb
     sub-directories of 1Mb or more:
     cont 25.8Mb
Flavors: r-devel-linux-x86_64-fedora-clang, r-devel-windows-x86_64, r-release-macos-arm64, r-release-macos-x86_64, r-release-windows-x86_64, r-oldrel-macos-arm64, r-oldrel-macos-x86_64, r-oldrel-windows-ix86+x86_64