CRAN Package Check Results for Package rclimateca

Last updated on 2019-06-19 19:46:51 CEST.

Flavor Version Tinstall Tcheck Ttotal Status Flags
r-devel-linux-x86_64-debian-clang 1.0.2 5.32 63.29 68.61 OK
r-devel-linux-x86_64-debian-gcc 1.0.2 4.85 48.99 53.84 OK
r-devel-linux-x86_64-fedora-clang 1.0.2 78.17 NOTE
r-devel-linux-x86_64-fedora-gcc 1.0.2 78.93 NOTE
r-devel-windows-ix86+x86_64 1.0.2 20.00 117.00 137.00 OK
r-patched-linux-x86_64 1.0.2 5.37 63.65 69.02 OK
r-patched-solaris-x86 1.0.2 131.60 NOTE
r-release-linux-x86_64 1.0.2 6.28 65.11 71.39 OK
r-release-windows-ix86+x86_64 1.0.2 15.00 141.00 156.00 OK
r-release-osx-x86_64 1.0.2 NOTE
r-oldrel-windows-ix86+x86_64 1.0.2 7.00 175.00 182.00 OK
r-oldrel-osx-x86_64 1.0.2 NOTE

Check Details

Version: 1.0.2
Check: data for non-ASCII characters
Result: NOTE
     Note: found 24 marked UTF-8 strings
Flavors: r-devel-linux-x86_64-fedora-clang, r-devel-linux-x86_64-fedora-gcc, r-patched-solaris-x86, r-release-osx-x86_64, r-oldrel-osx-x86_64