CRAN Package Check Results for Package rclimateca

Last updated on 2019-04-19 00:48:17 CEST.

Flavor Version Tinstall Tcheck Ttotal Status Flags
r-devel-linux-x86_64-debian-clang 1.0.2 5.82 72.36 78.18 OK
r-devel-linux-x86_64-debian-gcc 1.0.2 5.05 50.63 55.68 OK
r-devel-linux-x86_64-fedora-clang 1.0.2 76.50 NOTE
r-devel-linux-x86_64-fedora-gcc 1.0.2 74.98 NOTE
r-devel-windows-ix86+x86_64 1.0.2 13.00 145.00 158.00 OK
r-patched-linux-x86_64 1.0.2 5.90 64.85 70.75 OK
r-patched-solaris-x86 1.0.2 111.60 NOTE
r-release-linux-x86_64 1.0.2 3.83 60.66 64.49 OK
r-release-windows-ix86+x86_64 1.0.2 8.00 150.00 158.00 OK
r-release-osx-x86_64 1.0.2 NOTE
r-oldrel-windows-ix86+x86_64 1.0.2 11.00 137.00 148.00 OK
r-oldrel-osx-x86_64 1.0.2 NOTE

Check Details

Version: 1.0.2
Check: data for non-ASCII characters
Result: NOTE
     Note: found 24 marked UTF-8 strings
Flavors: r-devel-linux-x86_64-fedora-clang, r-devel-linux-x86_64-fedora-gcc, r-patched-solaris-x86, r-release-osx-x86_64, r-oldrel-osx-x86_64