CRAN Package Check Results for Package rcorpora

Last updated on 2021-12-05 14:51:17 CET.

Flavor Version Tinstall Tcheck Ttotal Status Flags
r-devel-linux-x86_64-debian-clang 2.0.0 5.15 31.76 36.91 OK
r-devel-linux-x86_64-debian-gcc 2.0.0 3.70 25.72 29.42 OK
r-devel-linux-x86_64-fedora-clang 2.0.0 46.16 NOTE
r-devel-linux-x86_64-fedora-gcc 2.0.0 34.30 OK
r-devel-windows-x86_64-new-UL 2.0.0 25.00 64.00 89.00 NOTE
r-devel-windows-x86_64-new-TK 2.0.0 OK
r-devel-windows-x86_64-old 2.0.0 8.00 33.00 41.00 NOTE
r-patched-linux-x86_64 2.0.0 4.69 23.06 27.75 OK
r-release-linux-x86_64 2.0.0 4.94 31.02 35.96 OK
r-release-macos-arm64 2.0.0 NOTE
r-release-macos-x86_64 2.0.0 NOTE
r-release-windows-ix86+x86_64 2.0.0 10.00 39.00 49.00 NOTE
r-oldrel-macos-x86_64 2.0.0 NOTE
r-oldrel-windows-ix86+x86_64 2.0.0 12.00 39.00 51.00 NOTE

Check Details

Version: 2.0.0
Check: installed package size
Result: NOTE
     installed size is 7.8Mb
     sub-directories of 1Mb or more:
     corpora 7.6Mb
Flavors: r-devel-linux-x86_64-fedora-clang, r-devel-windows-x86_64-new-UL, r-devel-windows-x86_64-old, r-release-macos-arm64, r-release-macos-x86_64, r-release-windows-ix86+x86_64, r-oldrel-macos-x86_64, r-oldrel-windows-ix86+x86_64