CRAN Package Check Results for Package rcorpora

Last updated on 2021-01-24 16:46:45 CET.

Flavor Version Tinstall Tcheck Ttotal Status Flags
r-devel-linux-x86_64-debian-clang 2.0.0 4.87 25.02 29.89 OK
r-devel-linux-x86_64-debian-gcc 2.0.0 3.73 19.56 23.29 OK
r-devel-linux-x86_64-fedora-clang 2.0.0 44.14 NOTE
r-devel-linux-x86_64-fedora-gcc 2.0.0 33.85 OK
r-devel-windows-ix86+x86_64 2.0.0 10.00 30.00 40.00 NOTE
r-patched-linux-x86_64 2.0.0 4.32 23.98 28.30 OK
r-patched-solaris-x86 2.0.0 59.50 NOTE
r-release-linux-x86_64 2.0.0 4.05 24.37 28.42 OK
r-release-macos-x86_64 2.0.0 NOTE
r-release-windows-ix86+x86_64 2.0.0 8.00 38.00 46.00 NOTE
r-oldrel-macos-x86_64 2.0.0 NOTE
r-oldrel-windows-ix86+x86_64 2.0.0 8.00 37.00 45.00 NOTE

Check Details

Version: 2.0.0
Check: installed package size
Result: NOTE
     installed size is 7.8Mb
     sub-directories of 1Mb or more:
     corpora 7.6Mb
Flavors: r-devel-linux-x86_64-fedora-clang, r-devel-windows-ix86+x86_64, r-patched-solaris-x86, r-release-macos-x86_64, r-release-windows-ix86+x86_64, r-oldrel-macos-x86_64, r-oldrel-windows-ix86+x86_64