CRAN Package Check Results for Package rcrimeanalysis

Last updated on 2020-04-01 07:51:17 CEST.

Flavor Version Tinstall Tcheck Ttotal Status Flags
r-devel-linux-x86_64-debian-clang 0.4.1 15.65 131.67 147.32 OK
r-devel-linux-x86_64-debian-gcc 0.4.1 13.17 99.98 113.15 OK
r-devel-linux-x86_64-fedora-clang 0.4.1 181.98 NOTE
r-devel-linux-x86_64-fedora-gcc 0.4.1 181.51 NOTE
r-devel-windows-ix86+x86_64 0.4.1 31.00 126.00 157.00 OK
r-devel-windows-ix86+x86_64-gcc8 0.4.1 34.00 137.00 171.00 OK
r-patched-linux-x86_64 0.4.1 15.63 122.71 138.34 OK
r-patched-solaris-x86 0.4.1 309.00 NOTE
r-release-linux-x86_64 0.4.1 13.99 112.67 126.66 OK
r-release-windows-ix86+x86_64 0.4.1 28.00 129.00 157.00 OK
r-release-osx-x86_64 0.4.1 NOTE
r-oldrel-windows-ix86+x86_64 0.4.1 32.00 206.00 238.00 OK
r-oldrel-osx-x86_64 0.4.1 NOTE

Check Details

Version: 0.4.1
Check: dependencies in R code
Result: NOTE
    Namespaces in Imports field not imported from:
     ‘Rcpp’ ‘dplyr’
     All declared Imports should be used.
Flavors: r-devel-linux-x86_64-fedora-clang, r-devel-linux-x86_64-fedora-gcc, r-patched-solaris-x86, r-release-osx-x86_64, r-oldrel-osx-x86_64