CRAN Package Check Results for Package rdatamarket

Last updated on 2019-02-20 10:47:32 CET.

Flavor Version Tinstall Tcheck Ttotal Status Flags
r-devel-linux-x86_64-debian-clang 0.6.5 2.40 29.71 32.11 NOTE
r-devel-linux-x86_64-debian-gcc 0.6.5 2.11 23.89 26.00 NOTE
r-devel-linux-x86_64-fedora-clang 0.6.5 39.39 NOTE
r-devel-linux-x86_64-fedora-gcc 0.6.5 37.03 NOTE
r-devel-windows-ix86+x86_64 0.6.5 7.00 51.00 58.00 NOTE
r-patched-linux-x86_64 0.6.5 NOTE
r-patched-solaris-x86 0.6.5 56.60 NOTE
r-release-linux-x86_64 0.6.5 2.02 27.86 29.88 NOTE
r-release-windows-ix86+x86_64 0.6.5 4.00 67.00 71.00 NOTE
r-release-osx-x86_64 0.6.5 NOTE
r-oldrel-windows-ix86+x86_64 0.6.5 7.00 67.00 74.00 NOTE
r-oldrel-osx-x86_64 0.6.5 NOTE

Check Details

Version: 0.6.5
Check: R code for possible problems
Result: NOTE
    get.datamarket.csv: no visible global function definition for
     ‘read.csv’
    getUserAgent: no visible global function definition for ‘sessionInfo’
    Undefined global functions or variables:
     read.csv sessionInfo
    Consider adding
     importFrom("utils", "read.csv", "sessionInfo")
    to your NAMESPACE file.
Flavors: r-devel-linux-x86_64-debian-clang, r-devel-linux-x86_64-debian-gcc, r-devel-linux-x86_64-fedora-clang, r-devel-linux-x86_64-fedora-gcc, r-devel-windows-ix86+x86_64, r-patched-linux-x86_64, r-patched-solaris-x86, r-release-linux-x86_64, r-release-windows-ix86+x86_64, r-release-osx-x86_64, r-oldrel-windows-ix86+x86_64, r-oldrel-osx-x86_64