CRAN Package Check Results for Package rdatamarket

Last updated on 2018-11-21 08:48:53 CET.

Flavor Version Tinstall Tcheck Ttotal Status Flags
r-devel-linux-x86_64-debian-clang 0.6.5 2.11 29.53 31.64 NOTE
r-devel-linux-x86_64-debian-gcc 0.6.5 1.78 23.89 25.67 NOTE
r-devel-linux-x86_64-fedora-clang 0.6.5 36.82 NOTE
r-devel-linux-x86_64-fedora-gcc 0.6.5 35.55 NOTE
r-devel-windows-ix86+x86_64 0.6.5 7.00 65.00 72.00 NOTE
r-patched-linux-x86_64 0.6.5 2.14 27.62 29.76 NOTE
r-patched-solaris-x86 0.6.5 59.70 NOTE
r-release-linux-x86_64 0.6.5 1.90 27.58 29.48 NOTE
r-release-windows-ix86+x86_64 0.6.5 4.00 66.00 70.00 NOTE
r-release-osx-x86_64 0.6.5 NOTE
r-oldrel-windows-ix86+x86_64 0.6.5 7.00 49.00 56.00 NOTE
r-oldrel-osx-x86_64 0.6.5 NOTE

Check Details

Version: 0.6.5
Check: R code for possible problems
Result: NOTE
    get.datamarket.csv: no visible global function definition for
     ‘read.csv’
    getUserAgent: no visible global function definition for ‘sessionInfo’
    Undefined global functions or variables:
     read.csv sessionInfo
    Consider adding
     importFrom("utils", "read.csv", "sessionInfo")
    to your NAMESPACE file.
Flavors: r-devel-linux-x86_64-debian-clang, r-devel-linux-x86_64-debian-gcc, r-devel-linux-x86_64-fedora-clang, r-devel-linux-x86_64-fedora-gcc, r-devel-windows-ix86+x86_64, r-patched-linux-x86_64, r-patched-solaris-x86, r-release-linux-x86_64, r-release-windows-ix86+x86_64, r-release-osx-x86_64, r-oldrel-windows-ix86+x86_64, r-oldrel-osx-x86_64