CRAN Package Check Results for Package rdatamarket

Last updated on 2018-09-22 05:49:12 CEST.

Flavor Version Tinstall Tcheck Ttotal Status Flags
r-devel-linux-x86_64-debian-clang 0.6.5 1.92 30.94 32.86 NOTE
r-devel-linux-x86_64-debian-gcc 0.6.5 1.74 24.92 26.66 NOTE
r-devel-linux-x86_64-fedora-clang 0.6.5 38.78 NOTE
r-devel-linux-x86_64-fedora-gcc 0.6.5 37.68 NOTE
r-devel-windows-ix86+x86_64 0.6.5 7.00 51.00 58.00 NOTE
r-patched-linux-x86_64 0.6.5 2.07 27.31 29.38 NOTE
r-patched-solaris-x86 0.6.5 56.40 NOTE
r-release-linux-x86_64 0.6.5 2.07 27.37 29.44 NOTE
r-release-windows-ix86+x86_64 0.6.5 4.00 67.00 71.00 NOTE
r-release-osx-x86_64 0.6.5 NOTE
r-oldrel-windows-ix86+x86_64 0.6.5 4.00 69.00 73.00 NOTE
r-oldrel-osx-x86_64 0.6.5 NOTE

Check Details

Version: 0.6.5
Check: R code for possible problems
Result: NOTE
    get.datamarket.csv: no visible global function definition for
     ‘read.csv’
    getUserAgent: no visible global function definition for ‘sessionInfo’
    Undefined global functions or variables:
     read.csv sessionInfo
    Consider adding
     importFrom("utils", "read.csv", "sessionInfo")
    to your NAMESPACE file.
Flavors: r-devel-linux-x86_64-debian-clang, r-devel-linux-x86_64-debian-gcc, r-devel-linux-x86_64-fedora-clang, r-devel-linux-x86_64-fedora-gcc, r-devel-windows-ix86+x86_64, r-patched-linux-x86_64, r-patched-solaris-x86, r-release-linux-x86_64, r-release-windows-ix86+x86_64, r-release-osx-x86_64, r-oldrel-windows-ix86+x86_64, r-oldrel-osx-x86_64