CRAN Package Check Results for Package rdataretriever

Last updated on 2020-07-04 14:48:36 CEST.

Flavor Version Tinstall Tcheck Ttotal Status Flags
r-devel-linux-x86_64-debian-clang 2.0.0 8.91 82.29 91.20 OK
r-devel-linux-x86_64-debian-gcc 2.0.0 7.26 64.21 71.47 OK
r-devel-linux-x86_64-fedora-clang 2.0.0 214.40 OK
r-devel-linux-x86_64-fedora-gcc 2.0.0 204.59 OK
r-devel-windows-ix86+x86_64 2.0.0 29.00 134.00 163.00 NOTE
r-patched-linux-x86_64 2.0.0 8.96 80.18 89.14 OK
r-patched-solaris-x86 2.0.0 142.80 OK
r-release-linux-x86_64 2.0.0 9.00 80.67 89.67 OK
r-release-osx-x86_64 2.0.0 OK
r-release-windows-ix86+x86_64 2.0.0 24.00 84.00 108.00 OK
r-oldrel-osx-x86_64 2.0.0 OK
r-oldrel-windows-ix86+x86_64 2.0.0 21.00 208.00 229.00 NOTE

Check Details

Version: 2.0.0
Check: whether the namespace can be loaded with stated dependencies
Result: NOTE
    Warning in system2(command = python, args = paste0("\"", config_script, :
     running command '"C:/Users/CRAN/AppData/Local/r-miniconda/envs/r-reticulate/python.exe" "d:/RCompile/CRANpkg/lib/4.1/reticulate/config/config.py"' had status 2
    
    A namespace must be able to be loaded with just the base namespace
    loaded: otherwise if the namespace gets loaded by a saved object, the
    session will be unable to start.
    
    Probably some imports need to be declared in the NAMESPACE file.
Flavor: r-devel-windows-ix86+x86_64

Version: 2.0.0
Check: whether the namespace can be loaded with stated dependencies
Result: NOTE
    Warning in system2(command = python, args = paste0("\"", config_script, :
     running command '"C:/Users/CRAN/AppData/Local/r-miniconda/envs/r-reticulate/python.exe" "d:/RCompile/CRANpkg/lib/3.6/reticulate/config/config.py"' had status 2
    
    A namespace must be able to be loaded with just the base namespace
    loaded: otherwise if the namespace gets loaded by a saved object, the
    session will be unable to start.
    
    Probably some imports need to be declared in the NAMESPACE file.
Flavor: r-oldrel-windows-ix86+x86_64