CRAN Package Check Results for Package rdfp

Last updated on 2019-03-23 18:47:38 CET.

Flavor Version Tinstall Tcheck Ttotal Status Flags
r-devel-linux-x86_64-debian-clang 0.1.3 9.99 77.80 87.79 OK
r-devel-linux-x86_64-debian-gcc 0.1.3 7.18 62.06 69.24 OK
r-devel-linux-x86_64-fedora-clang 0.1.3 106.90 OK
r-devel-linux-x86_64-fedora-gcc 0.1.3 98.85 OK
r-devel-windows-ix86+x86_64 0.1.3 24.00 133.00 157.00 OK
r-patched-linux-x86_64 0.1.3 6.14 70.91 77.05 OK
r-patched-solaris-x86 0.1.3 129.00 OK
r-release-linux-x86_64 0.1.3 0.64 5.47 6.11 ERROR
r-release-windows-ix86+x86_64 0.1.3 14.00 91.00 105.00 OK
r-release-osx-x86_64 0.1.3 OK
r-oldrel-windows-ix86+x86_64 0.1.3 22.00 129.00 151.00 OK
r-oldrel-osx-x86_64 0.1.3 OK

Check Details

Version: 0.1.3
Check: whether package can be installed
Result: ERROR
    Installation failed.
Flavor: r-release-linux-x86_64