CRAN Package Check Results for Package rdi

Last updated on 2020-02-21 04:48:34 CET.

Flavor Version Tinstall Tcheck Ttotal Status Flags
r-devel-linux-x86_64-debian-clang 1.0.0 3.36 37.35 40.71 OK
r-devel-linux-x86_64-debian-gcc 1.0.0 2.54 28.27 30.81 OK
r-devel-linux-x86_64-fedora-clang 1.0.0 48.01 WARN
r-devel-linux-x86_64-fedora-gcc 1.0.0 47.28 OK
r-devel-windows-ix86+x86_64 1.0.0 6.00 52.00 58.00 OK
r-devel-windows-ix86+x86_64-gcc8 1.0.0 13.00 54.00 67.00 OK
r-patched-linux-x86_64 1.0.0 2.25 32.97 35.22 OK
r-patched-solaris-x86 1.0.0 66.40 OK
r-release-linux-x86_64 1.0.0 2.60 33.58 36.18 OK
r-release-windows-ix86+x86_64 1.0.0 6.00 48.00 54.00 OK
r-release-osx-x86_64 1.0.0 OK
r-oldrel-windows-ix86+x86_64 1.0.0 3.00 45.00 48.00 OK
r-oldrel-osx-x86_64 1.0.0 OK

Check Details

Version: 1.0.0
Check: package dependencies
Result: WARN
    Requires orphaned package: ‘gplots’
Flavor: r-devel-linux-x86_64-fedora-clang