CRAN Package Check Results for Package rdiversity

Last updated on 2020-07-03 20:46:53 CEST.

Flavor Version Tinstall Tcheck Ttotal Status Flags
r-devel-linux-x86_64-debian-clang 2.0 6.57 44.76 51.33 OK
r-devel-linux-x86_64-debian-gcc 2.0 4.17 34.30 38.47 OK
r-devel-linux-x86_64-fedora-clang 2.0 68.15 OK
r-devel-linux-x86_64-fedora-gcc 2.0 58.11 OK
r-devel-windows-ix86+x86_64 2.0 17.00 59.00 76.00 OK
r-patched-linux-x86_64 2.0 6.33 43.86 50.19 OK
r-patched-solaris-x86 2.0 84.10 NOTE
r-release-linux-x86_64 2.0 4.64 44.71 49.35 OK
r-release-osx-x86_64 2.0 OK
r-release-windows-ix86+x86_64 2.0 10.00 60.00 70.00 OK
r-oldrel-osx-x86_64 2.0 OK
r-oldrel-windows-ix86+x86_64 2.0 10.00 78.00 88.00 OK

Check Details

Version: 2.0
Check: package dependencies
Result: NOTE
    Package suggested but not available for checking: ‘vcfR’
Flavor: r-patched-solaris-x86