CRAN Package Check Results for Package rdomains

Last updated on 2020-12-03 13:48:50 CET.

Flavor Version Tinstall Tcheck Ttotal Status Flags
r-devel-linux-x86_64-debian-clang 0.1.9 14.21 165.77 179.98 OK
r-devel-linux-x86_64-debian-gcc 0.1.9 11.89 125.42 137.31 OK
r-devel-linux-x86_64-fedora-clang 0.1.9 221.19 NOTE
r-devel-linux-x86_64-fedora-gcc 0.1.9 217.43 NOTE
r-devel-windows-ix86+x86_64 0.1.9 38.00 183.00 221.00 OK
r-patched-linux-x86_64 0.1.9 14.00 153.13 167.13 OK
r-patched-solaris-x86 0.1.9 309.80 NOTE
r-release-linux-x86_64 0.1.9 12.58 154.36 166.94 OK
r-release-macos-x86_64 0.1.9 NOTE
r-release-windows-ix86+x86_64 0.1.9 30.00 187.00 217.00 OK
r-oldrel-macos-x86_64 0.1.9 NOTE
r-oldrel-windows-ix86+x86_64 0.1.9 28.00 286.00 314.00 OK

Check Details

Version: 0.1.9
Check: dependencies in R code
Result: NOTE
    Namespace in Imports field not imported from: ‘rlang’
     All declared Imports should be used.
Flavors: r-devel-linux-x86_64-fedora-clang, r-devel-linux-x86_64-fedora-gcc, r-patched-solaris-x86, r-release-macos-x86_64, r-oldrel-macos-x86_64