CRAN Package Check Results for Package rdoxygen

Last updated on 2024-07-14 09:51:22 CEST.

Flavor Version Tinstall Tcheck Ttotal Status Flags
r-devel-linux-x86_64-debian-clang 1.0.0 3.42 24.84 28.26 NOTE
r-devel-linux-x86_64-debian-gcc 1.0.0 2.61 19.27 21.88 NOTE
r-devel-linux-x86_64-fedora-clang 1.0.0 35.87 NOTE
r-devel-linux-x86_64-fedora-gcc 1.0.0 33.62 NOTE
r-devel-windows-x86_64 1.0.0 7.00 46.00 53.00 NOTE
r-patched-linux-x86_64 1.0.0 2.07 24.41 26.48 NOTE
r-release-linux-x86_64 1.0.0 1.97 23.96 25.93 NOTE
r-release-macos-arm64 1.0.0 18.00 NOTE
r-release-macos-x86_64 1.0.0 25.00 NOTE
r-release-windows-x86_64 1.0.0 7.00 45.00 52.00 NOTE
r-oldrel-macos-arm64 1.0.0 19.00 NOTE
r-oldrel-macos-x86_64 1.0.0 23.00 NOTE
r-oldrel-windows-x86_64 1.0.0 8.00 46.00 54.00 NOTE

Check Details

Version: 1.0.0
Check: LazyData
Result: NOTE 'LazyData' is specified without a 'data' directory Flavors: r-devel-linux-x86_64-debian-clang, r-devel-linux-x86_64-debian-gcc, r-devel-linux-x86_64-fedora-clang, r-devel-linux-x86_64-fedora-gcc, r-devel-windows-x86_64, r-patched-linux-x86_64, r-release-linux-x86_64, r-release-macos-arm64, r-release-macos-x86_64, r-release-windows-x86_64, r-oldrel-macos-arm64, r-oldrel-macos-x86_64, r-oldrel-windows-x86_64