Last updated on 2023-05-28 16:57:58 CEST.
Flavor | Version | Tinstall | Tcheck | Ttotal | Status | Flags |
---|---|---|---|---|---|---|
r-devel-linux-x86_64-debian-clang | 1.0.4 | 8.62 | 143.97 | 152.59 | NOTE | |
r-devel-linux-x86_64-debian-gcc | 1.0.4 | 7.00 | 108.96 | 115.96 | NOTE | |
r-devel-linux-x86_64-fedora-clang | 1.0.4 | 205.38 | NOTE | |||
r-devel-linux-x86_64-fedora-gcc | 1.0.4 | 189.55 | NOTE | |||
r-devel-windows-x86_64 | 1.0.4 | 14.00 | 123.00 | 137.00 | OK | |
r-patched-linux-x86_64 | 1.0.4 | 5.79 | 133.82 | 139.61 | NOTE | |
r-release-linux-x86_64 | 1.0.4 | 6.00 | 136.04 | 142.04 | NOTE | |
r-release-macos-arm64 | 1.0.4 | 62.00 | OK | |||
r-release-macos-x86_64 | 1.0.2 | 114.00 | OK | |||
r-release-windows-x86_64 | 1.0.4 | 16.00 | 149.00 | 165.00 | OK | |
r-oldrel-macos-arm64 | 1.0.4 | 58.00 | OK | |||
r-oldrel-macos-x86_64 | 1.0.4 | 84.00 | OK | |||
r-oldrel-windows-x86_64 | 1.0.4 | 16.00 | 152.00 | 168.00 | OK |
Version: 1.0.4
Check: package dependencies
Result: NOTE
Package suggested but not available for checking: ‘DIDmultiplegt’
Flavors: r-devel-linux-x86_64-debian-clang, r-devel-linux-x86_64-debian-gcc, r-devel-linux-x86_64-fedora-clang, r-devel-linux-x86_64-fedora-gcc, r-patched-linux-x86_64, r-release-linux-x86_64
Version: 1.0.4
Check: data for non-ASCII characters
Result: NOTE
Note: found 5 marked UTF-8 strings
Flavors: r-devel-linux-x86_64-fedora-clang, r-devel-linux-x86_64-fedora-gcc