CRAN Package Check Results for Package reactablefmtr

Last updated on 2021-09-18 02:52:08 CEST.

Flavor Version Tinstall Tcheck Ttotal Status Flags
r-devel-linux-x86_64-debian-clang 1.0.0 5.69 66.48 72.17 NOTE
r-devel-linux-x86_64-debian-gcc 1.0.0 3.43 48.84 52.27 NOTE
r-devel-linux-x86_64-fedora-clang 1.0.0 91.31 NOTE
r-devel-linux-x86_64-fedora-gcc 1.0.0 80.74 NOTE
r-devel-windows-x86_64 1.0.0 7.00 95.00 102.00 NOTE
r-devel-windows-x86_64-gcc10-UCRT 1.0.0 NOTE
r-patched-linux-x86_64 1.0.0 5.02 61.84 66.86 NOTE
r-patched-solaris-x86 1.0.0 107.50 OK
r-release-linux-x86_64 1.0.0 5.32 62.30 67.62 NOTE
r-release-macos-arm64 1.0.0 NOTE
r-release-macos-x86_64 1.0.0 NOTE
r-release-windows-ix86+x86_64 1.0.0 10.00 73.00 83.00 NOTE
r-oldrel-macos-x86_64 1.0.0 NOTE
r-oldrel-windows-ix86+x86_64 1.0.0 9.00 76.00 85.00 NOTE

Check Details

Version: 1.0.0
Check: package dependencies
Result: NOTE
    Package suggested but not available for checking: 'webshot2'
Flavors: r-devel-linux-x86_64-debian-clang, r-devel-linux-x86_64-debian-gcc, r-devel-linux-x86_64-fedora-clang, r-devel-linux-x86_64-fedora-gcc, r-devel-windows-x86_64, r-devel-windows-x86_64-gcc10-UCRT, r-patched-linux-x86_64, r-release-linux-x86_64, r-release-macos-arm64, r-release-macos-x86_64, r-release-windows-ix86+x86_64, r-oldrel-macos-x86_64, r-oldrel-windows-ix86+x86_64