CRAN Package Check Results for Package reactablefmtr

Last updated on 2021-06-19 13:53:30 CEST.

Flavor Version Tinstall Tcheck Ttotal Status Flags
r-devel-linux-x86_64-debian-clang 1.0.0 4.51 65.28 69.79 NOTE
r-devel-linux-x86_64-debian-gcc 1.0.0 3.51 48.58 52.09 NOTE
r-devel-linux-x86_64-fedora-clang 1.0.0 91.43 NOTE
r-devel-linux-x86_64-fedora-gcc 1.0.0 79.27 NOTE
r-devel-windows-x86_64 1.0.0 8.00 93.00 101.00 NOTE
r-devel-windows-x86_64-gcc10-UCRT 1.0.0 NOTE
r-patched-linux-x86_64 1.0.0 4.90 61.22 66.12 NOTE
r-patched-solaris-x86 1.0.0 106.20 NOTE
r-release-linux-x86_64 1.0.0 5.18 62.62 67.80 NOTE
r-release-macos-arm64 1.0.0 NOTE
r-release-macos-x86_64 1.0.0 NOTE
r-release-windows-ix86+x86_64 0.2.0 10.00 89.00 99.00 NOTE
r-oldrel-macos-x86_64 1.0.0 NOTE
r-oldrel-windows-ix86+x86_64 1.0.0 8.00 72.00 80.00 NOTE

Check Details

Version: 1.0.0
Check: package dependencies
Result: NOTE
    Package suggested but not available for checking: 'webshot2'
Flavors: r-devel-linux-x86_64-debian-clang, r-devel-linux-x86_64-debian-gcc, r-devel-linux-x86_64-fedora-clang, r-devel-linux-x86_64-fedora-gcc, r-devel-windows-x86_64, r-devel-windows-x86_64-gcc10-UCRT, r-patched-linux-x86_64, r-patched-solaris-x86, r-release-linux-x86_64, r-release-macos-arm64, r-release-macos-x86_64, r-oldrel-macos-x86_64, r-oldrel-windows-ix86+x86_64

Version: 0.2.0
Check: LazyData
Result: NOTE
     'LazyData' is specified without a 'data' directory
Flavor: r-release-windows-ix86+x86_64